000
CDUS46 KPDT 260828
CLIHRI

CLIMATE REPORT
NATIONAL WEATHER SERVICE PENDLETON, OR
128 AM PDT MON SEP 26 2022

...................................

...THE HERMISTON OR CLIMATE SUMMARY FOR SEPTEMBER 25 2022...

CLIMATE NORMAL PERIOD 1991 TO 2020
CLIMATE RECORD PERIOD 1906 TO 2022


WEATHER ITEM   OBSERVED TIME   RECORD YEAR NORMAL DEPARTURE LAST
                VALUE   (LST)  VALUE       VALUE  FROM      YEAR
                                                  NORMAL
...................................................................
TEMPERATURE (F)
 YESTERDAY
  MAXIMUM         85    328 PM  95    1952  78      7       91
  MINIMUM         45    619 AM  21    1926  45      0       47
  AVERAGE         65                        61      4       69

PRECIPITATION (IN)
  YESTERDAY        0.00          0.29 1923   0.01  -0.01     0.00
  MONTH TO DATE    0.08                      0.23  -0.15     0.16
  SINCE OCT 1     11.72                      8.51   3.21     4.75
  SINCE JAN 1      7.54                      5.54   2.00     1.91

...................................................................


WIND (MPH)
  HIGHEST WIND SPEED    10   HIGHEST WIND DIRECTION    NE (60)
  HIGHEST GUST SPEED    15   HIGHEST GUST DIRECTION    NE (30)
  AVERAGE WIND SPEED     4.2


SKY COVER
  POSSIBLE SUNSHINE  MM
  AVERAGE SKY COVER 0.0


WEATHER CONDITIONS
THE FOLLOWING WEATHER WAS RECORDED YESTERDAY.
  NO SIGNIFICANT WEATHER WAS OBSERVED.


RELATIVE HUMIDITY (PERCENT)
 HIGHEST    86           600 AM
 LOWEST     25           400 PM
 AVERAGE    56

..........................................................


THE HERMISTON OR CLIMATE NORMALS FOR TODAY
                         NORMAL    RECORD    YEAR
 MAXIMUM TEMPERATURE (F)   77        98      1952
 MINIMUM TEMPERATURE (F)   45        25      1926


SUNRISE AND SUNSET
SEPTEMBER 26 2022.....SUNRISE   649 AM PDT   SUNSET   647 PM PDT
SEPTEMBER 27 2022.....SUNRISE   650 AM PDT   SUNSET   645 PM PDT


-  INDICATES NEGATIVE NUMBERS.
R  INDICATES RECORD WAS SET OR TIED.
MM INDICATES DATA IS MISSING.
T  INDICATES TRACE AMOUNT.




$$
