000
CDUS44 KBRO 290629
CLIHRL

CLIMATE REPORT
NATIONAL WEATHER SERVICE BROWNSVILLE, TX
129 AM CDT THU SEP 29 2022

...................................

...THE HARLINGEN CLIMATE SUMMARY FOR SEPTEMBER 28 2022...

CLIMATE NORMAL PERIOD 1991 TO 2020
CLIMATE RECORD PERIOD 1912 TO 2022


WEATHER ITEM   OBSERVED TIME   RECORD YEAR NORMAL DEPARTURE LAST
                VALUE   (LST)  VALUE       VALUE  FROM      YEAR
                                                  NORMAL
...................................................................
TEMPERATURE (F)
 YESTERDAY
  MAXIMUM         90   1239 PM 102    1953  91     -1       97
                                      2005
  MINIMUM         63    633 AM  52    1942  70     -7       75
  AVERAGE         77                        80     -3       86

PRECIPITATION (IN)
  YESTERDAY        0.00          2.80 1932   0.14  -0.14      T
  MONTH TO DATE    2.53                      5.05  -2.52     1.19
  SINCE SEP 1      2.53                      5.05  -2.52     1.19
  SINCE JAN 1     20.31                     18.04   2.27    25.35

SNOWFALL (IN)
  YESTERDAY        0.0
  MONTH TO DATE    0.0
  SINCE SEP 1      0.0
  SINCE JUL 1      0.0
  SNOW DEPTH       0

DEGREE DAYS
 HEATING
  YESTERDAY        0                         0      0        0
  MONTH TO DATE    0                         0      0        0
  SINCE SEP 1      0                         0      0        0
  SINCE JUL 1      0                         0      0        0

 COOLING
  YESTERDAY       12                        15     -3       21
  MONTH TO DATE  488                       489     -1      517
  SINCE SEP 1    488                       489     -1      517
  SINCE JAN 1   3664                      3579     85     3473
...................................................................


WIND (MPH)
  HIGHEST WIND SPEED    22   HIGHEST WIND DIRECTION    NE (40)
  HIGHEST GUST SPEED    28   HIGHEST GUST DIRECTION    NE (40)
  AVERAGE WIND SPEED     9.0


WEATHER CONDITIONS
THE FOLLOWING WEATHER WAS RECORDED YESTERDAY.
  NO SIGNIFICANT WEATHER WAS OBSERVED.


RELATIVE HUMIDITY (PERCENT)
 HIGHEST   100
 LOWEST     43
 AVERAGE    72

..........................................................


THE HARLINGEN CLIMATE NORMALS FOR TODAY
                         NORMAL    RECORD    YEAR
 MAXIMUM TEMPERATURE (F)   90       104      1953
 MINIMUM TEMPERATURE (F)   70        53      1967


SUNRISE AND SUNSET
SEPTEMBER 29 2022.....SUNRISE   722 AM CDT   SUNSET   719 PM CDT
SEPTEMBER 30 2022.....SUNRISE   723 AM CDT   SUNSET   718 PM CDT


-  INDICATES NEGATIVE NUMBERS.
R  INDICATES RECORD WAS SET OR TIED.
MM INDICATES DATA IS MISSING.
T  INDICATES TRACE AMOUNT.




$$
