000
CDUS44 KLZK 052054
CLIHRO

CLIMATE REPORT
NATIONAL WEATHER SERVICE LITTLE ROCK AR
354 PM CDT WED OCT 05 2022

...................................

...THE HARRISON CLIMATE SUMMARY FOR OCTOBER 5 2022...
VALID TODAY AS OF 0300 PM LOCAL TIME.

CLIMATE NORMAL PERIOD 1991 TO 2020
CLIMATE RECORD PERIOD 1891 TO 2022


WEATHER ITEM   OBSERVED TIME   RECORD YEAR NORMAL DEPARTURE LAST
                VALUE   (LST)  VALUE       VALUE  FROM      YEAR
                                                  NORMAL
...................................................................
TEMPERATURE (F)
 TODAY
  MAXIMUM         85    221 PM  96    1909  75     10       78
                                      1954
  MINIMUM         46    626 AM  35    1988  52     -6       50
  AVERAGE         66                        63      3       64

PRECIPITATION (IN)
  TODAY            0.00          2.21 2013   0.12  -0.12      T
  MONTH TO DATE    0.00                      0.60  -0.60     0.64
  SINCE SEP 1      1.16                      4.66  -3.50     2.94
  SINCE JAN 1     31.14                     34.39  -3.25    36.08

SNOWFALL (IN)
  TODAY            0.0          MM      MM   0.0    0.0      0.0
  MONTH TO DATE    0.0                       0.0    0.0      0.0
  SINCE SEP 1      0.0                       0.0    0.0      0.0
  SINCE JUL 1      0.0                       0.0    0.0      0.0
  SNOW DEPTH       0

DEGREE DAYS
 HEATING
  TODAY            0                         4     -4        1
  MONTH TO DATE   10                        19     -9        1
  SINCE SEP 1     26                        53    -27       11
  SINCE JUL 1     26                        54    -28       11

 COOLING
  TODAY            1                         2     -1        0
  MONTH TO DATE    1                        12    -11       20
  SINCE SEP 1    199                       194      5      268
  SINCE JAN 1   1678                      1441    237     1453
...................................................................


WIND (MPH)
  HIGHEST WIND SPEED     9   HIGHEST WIND DIRECTION     N (350)
  HIGHEST GUST SPEED    13   HIGHEST GUST DIRECTION    NW (330)
  AVERAGE WIND SPEED     3.6


SKY COVER
  POSSIBLE SUNSHINE  MM
  AVERAGE SKY COVER 0.0


WEATHER CONDITIONS
THE FOLLOWING WEATHER WAS RECORDED TODAY.
  NO SIGNIFICANT WEATHER WAS OBSERVED.


RELATIVE HUMIDITY (PERCENT)
 HIGHEST    86           500 AM
 LOWEST     25           200 PM
 AVERAGE    56

..........................................................


THE HARRISON CLIMATE NORMALS FOR TOMORROW
                         NORMAL    RECORD    YEAR
 MAXIMUM TEMPERATURE (F)   74        92      1927
                                             1928
                                             1956
 MINIMUM TEMPERATURE (F)   51        32      1917
                                             1964


SUNRISE AND SUNSET
OCTOBER  5 2022.......SUNRISE   711 AM CDT   SUNSET   650 PM CDT
OCTOBER  6 2022.......SUNRISE   712 AM CDT   SUNSET   649 PM CDT


-  INDICATES NEGATIVE NUMBERS.
R  INDICATES RECORD WAS SET OR TIED.
MM INDICATES DATA IS MISSING.
T  INDICATES TRACE AMOUNT.




$$
