000
CDUS42 KMHX 010640
CLIHSE

CLIMATE REPORT
NATIONAL WEATHER SERVICE NEWPORT/MOREHEAD CITY
240 AM EDT SAT OCT 01 2022

...................................

...THE CAPE HATTERAS NC CLIMATE SUMMARY FOR SEPTEMBER 30 2022...

CLIMATE NORMAL PERIOD 1991 TO 2020
CLIMATE RECORD PERIOD 1874 TO 2022


WEATHER ITEM   OBSERVED TIME   RECORD YEAR NORMAL DEPARTURE LAST
                VALUE   (LST)  VALUE       VALUE  FROM      YEAR
                                                  NORMAL
...................................................................
TEMPERATURE (F)
 YESTERDAY
  MAXIMUM         81    209 PM  86    1986  80      1       77
                                      2016
  MINIMUM         66   1240 AM  45    1970  67     -1       60
  AVERAGE         74                        73      1       69

PRECIPITATION (IN)
  YESTERDAY        5.92R         2.56 1940   0.24   5.68      T
  MONTH TO DATE    7.75                      7.63   0.12     3.38
  SINCE SEP 1      7.75                      7.63   0.12     3.38
  SINCE JAN 1     41.17                     46.13  -4.96    47.24

SNOWFALL (IN)
  YESTERDAY        0.0
  MONTH TO DATE    0.0
  SINCE SEP 1      0.0
  SINCE JUL 1      0.0
  SNOW DEPTH       0

DEGREE DAYS
 HEATING
  YESTERDAY        0                         0      0        0
  MONTH TO DATE    0                         0      0        0
  SINCE SEP 1      0                         0      0        0
  SINCE JUL 1      0                         0      0        0

 COOLING
  YESTERDAY        9                         9      0        4
  MONTH TO DATE  341                       358    -17      352
  SINCE SEP 1    341                       358    -17      352
  SINCE JAN 1   2038                      1951     87     1977
...................................................................


WIND (MPH)
  HIGHEST WIND SPEED    30   HIGHEST WIND DIRECTION    SE (150)
  HIGHEST GUST SPEED    46   HIGHEST GUST DIRECTION    SE (120)
  AVERAGE WIND SPEED    18.7


SKY COVER
  POSSIBLE SUNSHINE  MM
  AVERAGE SKY COVER 1.0


WEATHER CONDITIONS
THE FOLLOWING WEATHER WAS RECORDED YESTERDAY.
  THUNDERSTORM
  HEAVY RAIN
  RAIN
  LIGHT RAIN
  FOG
  HAZE


RELATIVE HUMIDITY (PERCENT)
 HIGHEST   100          1200 AM
 LOWEST     79          1100 PM
 AVERAGE    90

..........................................................


THE CAPE HATTERAS NC CLIMATE NORMALS FOR TODAY
                         NORMAL    RECORD    YEAR
 MAXIMUM TEMPERATURE (F)   79        88      1986
 MINIMUM TEMPERATURE (F)   67        47      1974


SUNRISE AND SUNSET
OCTOBER  1 2022.......SUNRISE   657 AM EDT   SUNSET   646 PM EDT
OCTOBER  2 2022.......SUNRISE   658 AM EDT   SUNSET   645 PM EDT


-  INDICATES NEGATIVE NUMBERS.
R  INDICATES RECORD WAS SET OR TIED.
MM INDICATES DATA IS MISSING.
T  INDICATES TRACE AMOUNT.




$$
