000
CDUS43 KGID 260622
CLIHSI

CLIMATE REPORT
NATIONAL WEATHER SERVICE HASTINGS NE
122 AM CDT MON SEP 26 2022

...................................

...THE HASTINGS NE CLIMATE SUMMARY FOR SEPTEMBER 25 2022...

CLIMATE NORMAL PERIOD 1991 TO 2020
CLIMATE RECORD PERIOD 1894 TO 2022


WEATHER ITEM   OBSERVED TIME   RECORD YEAR NORMAL DEPARTURE LAST
                VALUE   (LST)  VALUE       VALUE  FROM      YEAR
                                                  NORMAL
...................................................................
TEMPERATURE (F)
 YESTERDAY
  MAXIMUM         78    301 PM  99    1998  75      3       81
  MINIMUM         47    604 AM  28    1926  51     -4       44
  AVERAGE         63                        63      0       63

PRECIPITATION (IN)
  YESTERDAY        0.00          1.64 2017   0.07  -0.07     0.00
  MONTH TO DATE    2.27                      1.74   0.53     1.51
  SINCE SEP 1      2.27                      1.74   0.53     1.51
  SINCE JAN 1     14.77                     22.13  -7.36    25.52

SNOWFALL (IN)
  YESTERDAY        0.0                       0.0    0.0      0.0
  MONTH TO DATE    0.0                       0.0    0.0      0.0
  SINCE SEP 1      0.0                       0.0    0.0      0.0
  SINCE JUL 1      0.0                       0.0    0.0      0.0
  SNOW DEPTH       0

DEGREE DAYS
 HEATING
  YESTERDAY        2                         4     -2        2
  MONTH TO DATE   27                        57    -30       19
  SINCE SEP 1     27                        57    -30       19
  SINCE JUL 1     29                        63    -34       19

 COOLING
  YESTERDAY        0                         2     -2        0
  MONTH TO DATE  176                       117     59      149
  SINCE SEP 1    176                       117     59      149
  SINCE JAN 1   1312                      1109    203     1250
...................................................................


WIND (MPH)
  HIGHEST WIND SPEED    23   HIGHEST WIND DIRECTION    NW (330)
  HIGHEST GUST SPEED    35   HIGHEST GUST DIRECTION     N (340)
  AVERAGE WIND SPEED     9.5


SKY COVER
  AVERAGE SKY COVER 0.1


WEATHER CONDITIONS
THE FOLLOWING WEATHER WAS RECORDED YESTERDAY.
  NO SIGNIFICANT WEATHER WAS OBSERVED.


RELATIVE HUMIDITY (PERCENT)
 HIGHEST    83           500 AM
 LOWEST     25           100 PM
 AVERAGE    54

..........................................................


THE HASTINGS NE CLIMATE NORMALS FOR TODAY
                         NORMAL    RECORD    YEAR
 MAXIMUM TEMPERATURE (F)   75        94      2021
 MINIMUM TEMPERATURE (F)   50        29      1942


SUNRISE AND SUNSET
SEPTEMBER 26 2022.....SUNRISE   725 AM CDT   SUNSET   724 PM CDT
SEPTEMBER 27 2022.....SUNRISE   726 AM CDT   SUNSET   722 PM CDT


-  INDICATES NEGATIVE NUMBERS.
R  INDICATES RECORD WAS SET OR TIED.
MM INDICATES DATA IS MISSING.
T  INDICATES TRACE AMOUNT.




$$
