000
CDUS44 KHUN 010700
CLIHSV

CLIMATE REPORT
NATIONAL WEATHER SERVICE HUNTSVILLE AL
200 AM CDT SAT OCT 01 2022

...................................

...THE HUNTSVILLE CLIMATE SUMMARY FOR SEPTEMBER 30 2022...

CLIMATE NORMAL PERIOD 1991 TO 2020
CLIMATE RECORD PERIOD 1894 TO 2022


WEATHER ITEM   OBSERVED TIME   RECORD YEAR NORMAL DEPARTURE LAST
                VALUE   (LST)  VALUE       VALUE  FROM      YEAR
                                                  NORMAL
...................................................................
TEMPERATURE (F)
 YESTERDAY
  MAXIMUM         79    310 PM  97    2019  82     -3       85
  MINIMUM         49    553 AM  37    1967  58     -9       66
  AVERAGE         64                        70     -6       76

PRECIPITATION (IN)
  YESTERDAY        0.00          2.00 1915   0.13  -0.13     0.00
  MONTH TO DATE    3.54                      3.49   0.05     5.96
  SINCE SEP 1      3.54                      3.49   0.05     5.96
  SINCE JAN 1     41.70                     40.61   1.09    54.53

SNOWFALL (IN)
  YESTERDAY        0.0
  MONTH TO DATE    0.0
  SINCE SEP 1      0.0
  SINCE JUL 1      0.0
  SNOW DEPTH       0

DEGREE DAYS
 HEATING
  YESTERDAY        1                         1      0        0
  MONTH TO DATE   11                         5      6        8
  SINCE SEP 1     11                         5      6        8
  SINCE JUL 1     11                         5      6        8

 COOLING
  YESTERDAY        0                         6     -6       11
  MONTH TO DATE  255                       306    -51      242
  SINCE SEP 1    255                       306    -51      242
  SINCE JAN 1   2116                      2006    110     1692
...................................................................


WIND (MPH)
  HIGHEST WIND SPEED    18   HIGHEST WIND DIRECTION     N (360)
  HIGHEST GUST SPEED    24   HIGHEST GUST DIRECTION     N (10)
  AVERAGE WIND SPEED     7.6


SKY COVER
  POSSIBLE SUNSHINE  MM
  AVERAGE SKY COVER 0.0


WEATHER CONDITIONS
THE FOLLOWING WEATHER WAS RECORDED YESTERDAY.
  NO SIGNIFICANT WEATHER WAS OBSERVED.


RELATIVE HUMIDITY (PERCENT)
 HIGHEST    93           600 AM
 LOWEST     29           500 PM
 AVERAGE    61

..........................................................


THE HUNTSVILLE CLIMATE NORMALS FOR TODAY
                         NORMAL    RECORD    YEAR
 MAXIMUM TEMPERATURE (F)   82        99      2019
 MINIMUM TEMPERATURE (F)   58        36      1920


SUNRISE AND SUNSET
OCTOBER  1 2022.......SUNRISE   642 AM CDT   SUNSET   631 PM CDT
OCTOBER  2 2022.......SUNRISE   642 AM CDT   SUNSET   630 PM CDT


-  INDICATES NEGATIVE NUMBERS.
R  INDICATES RECORD WAS SET OR TIED.
MM INDICATES DATA IS MISSING.
T  INDICATES TRACE AMOUNT.




$$
