000
CDUS43 KAPX 290614
CLIHTL

CLIMATE REPORT
NATIONAL WEATHER SERVICE
214 AM EDT THU SEP 29 2022

...................................

...THE HOUGHTON LAKE MI CLIMATE SUMMARY FOR SEPTEMBER 28 2022...

CLIMATE NORMAL PERIOD: 1991 TO 2020
CLIMATE RECORD PERIOD: 1913 TO 2022


WEATHER ITEM   OBSERVED TIME   RECORD YEAR NORMAL DEPARTURE LAST
                VALUE   (LST)  VALUE       VALUE  FROM      YEAR
                                                  NORMAL
...................................................................
TEMPERATURE (F)
 YESTERDAY
  MAXIMUM         50   3:03 PM  82    1920  65    -15       67
                                      1922
                                      1923
  MINIMUM         35  11:59 PM  21    1935  42     -7       40
  AVERAGE         43                        54    -11       54

PRECIPITATION (IN)
  YESTERDAY        0.01          1.08 1999   0.09  -0.08     0.00
  MONTH TO DATE    2.76                      2.41   0.35     2.90
  SINCE SEP 1      2.76                      2.41   0.35     2.90
  SINCE JAN 1     22.99                     22.37   0.62    23.84

SNOWFALL (IN)
  YESTERDAY        0.0           3.0  1942   0.0    0.0      0.0
  MONTH TO DATE    0.0                       0.0    0.0      0.0
  SINCE JUL 1      0.0                       0.0    0.0      0.0
  SNOW DEPTH       0

DEGREE DAYS
 HEATING
  YESTERDAY       22                        12              11
  MONTH TO DATE  155                       204             156
  SINCE SEP 1    155                       204             156
  SINCE JUL 1    187                       311             189

 COOLING
  YESTERDAY        0                         0               0
  MONTH TO DATE   42                        26              14
  SINCE SEP 1     42                        26              14
  SINCE JAN 1    373                       333             485
...................................................................


WIND (MPH)
  HIGHEST WIND SPEED    14   HIGHEST WIND DIRECTION     N (10)
  HIGHEST GUST SPEED    22   HIGHEST GUST DIRECTION     N (20)
  AVERAGE WIND SPEED     6.5


RELATIVE HUMIDITY (PERCENT)
 HIGHEST    96
 LOWEST     68
 AVERAGE    82

..........................................................


THE HOUGHTON LAKE MI CLIMATE NORMALS FOR TODAY
                         NORMAL    RECORD    YEAR
 MAXIMUM TEMPERATURE (F)   65        83      1921
                                             1922
 MINIMUM TEMPERATURE (F)   42        21      1918


SUNRISE AND SUNSET
SEPTEMBER 29 2022.....SUNRISE   7:34 AM EDT   SUNSET   7:23 PM EDT
SEPTEMBER 30 2022.....SUNRISE   7:35 AM EDT   SUNSET   7:21 PM EDT


-  INDICATES NEGATIVE NUMBERS.
R  INDICATES RECORD WAS SET OR TIED.
MM INDICATES DATA IS MISSING.
T  INDICATES TRACE AMOUNT.




$$
