000
CDUS41 KRLX 060736
CLIHTS

CLIMATE REPORT
NATIONAL WEATHER SERVICE CHARLESTON WV
336 AM EDT THU OCT 06 2022

...................................

...THE HUNTINGTON WV CLIMATE SUMMARY FOR OCTOBER 5 2022...

CLIMATE NORMAL PERIOD: 1991 TO 2020
CLIMATE RECORD PERIOD: 1897 TO 2022


WEATHER ITEM   OBSERVED TIME   RECORD YEAR NORMAL DEPARTURE LAST
                VALUE   (LST)  VALUE       VALUE  FROM      YEAR
                                                  NORMAL
...................................................................
TEMPERATURE (F)
 YESTERDAY
  MAXIMUM         73   3:44 PM  90    1941  73      0       83
  MINIMUM         39   6:34 AM  31    1965  50    -11       59
  AVERAGE         56                        62     -6       71

PRECIPITATION (IN)
  YESTERDAY        0.00          1.39 2006   0.10  -0.10     0.00
  MONTH TO DATE    0.74                      0.50   0.24     0.25
  SINCE SEP 1      2.19                      3.66  -1.47     3.04
  SINCE JAN 1     40.43                     35.94   4.49    43.26

SNOWFALL (IN)
  YESTERDAY        0.0           0.0  2001   0.0    0.0      0.0
                                      2016
  MONTH TO DATE    0.0                       0.0    0.0      0.0
  SINCE SEP 1      0.0                       0.0    0.0      0.0
  SINCE JUL 1      0.0                       0.0    0.0      0.0
  SNOW DEPTH       0

DEGREE DAYS
 HEATING
  YESTERDAY        9                         5      4        0
  MONTH TO DATE   51                        23     28        3
  SINCE SEP 1    105                        66     39       29
  SINCE JUL 1    105                        67     38       29

 COOLING
  YESTERDAY        0                         2     -2        6
  MONTH TO DATE    0                        10    -10       16
  SINCE SEP 1    141                       162    -21      163
  SINCE JAN 1   1266                      1216     50     1226
...................................................................


WIND (MPH)
  HIGHEST WIND SPEED     7   HIGHEST WIND DIRECTION    NE (50)
  HIGHEST GUST SPEED    10   HIGHEST GUST DIRECTION    NE (40)
  AVERAGE WIND SPEED     1.3


SKY COVER
  AVERAGE SKY COVER 0.0


WEATHER CONDITIONS
THE FOLLOWING WEATHER WAS RECORDED YESTERDAY.
  FOG


RELATIVE HUMIDITY (PERCENT)
 HIGHEST    96
 LOWEST     31
 AVERAGE    64

..........................................................


THE HUNTINGTON WV CLIMATE NORMALS FOR TODAY
                         NORMAL    RECORD    YEAR
 MAXIMUM TEMPERATURE (F)   72        92      1941
 MINIMUM TEMPERATURE (F)   50        27      1965


SUNRISE AND SUNSET
OCTOBER  6 2022.......SUNRISE   7:31 AM EDT   SUNSET   7:05 PM EDT
OCTOBER  7 2022.......SUNRISE   7:31 AM EDT   SUNSET   7:04 PM EDT


-  INDICATES NEGATIVE NUMBERS.
R  INDICATES RECORD WAS SET OR TIED.
MM INDICATES DATA IS MISSING.
T  INDICATES TRACE AMOUNT.




$$
