000
CDUS43 KIND 020532
CLIHUF

CLIMATE REPORT
NATIONAL WEATHER SERVICE INDIANAPOLIS IN
132 AM EDT SUN OCT 02 2022

...................................

...THE TERRE HAUTE IN CLIMATE SUMMARY FOR OCTOBER 1 2022...

CLIMATE NORMAL PERIOD 1991 TO 2020
CLIMATE RECORD PERIOD 9999 TO 9999


WEATHER ITEM   OBSERVED TIME   NORMAL DEPARTURE LAST
                VALUE   (LST)  VALUE  FROM      YEAR
                                      NORMAL
.......................................................
TEMPERATURE (F)
 YESTERDAY
  MAXIMUM         76    406 PM  74      2       84
  MINIMUM         44    700 AM  48     -4       59
  AVERAGE         60            61     -1       72

PRECIPITATION (IN)
  YESTERDAY        0.00          0.10  -0.10     0.00
  MONTH TO DATE    0.00          0.10  -0.10     0.00
  SINCE SEP 1      1.16          3.03  -1.87     2.95
  SINCE JAN 1     31.08         31.96  -0.88    33.30

DEGREE DAYS
 HEATING
  YESTERDAY        5             6     -1        0
  MONTH TO DATE    5             6     -1        0
  SINCE SEP 1     78            74      4       29
  SINCE JUL 1     78            78      0       29

 COOLING
  YESTERDAY        0             2     -2        7
  MONTH TO DATE    0             2     -2        7
  SINCE SEP 1    144           118     26      194
  SINCE JAN 1   1296          1059    237     1297
.......................................................


WIND (MPH)
  HIGHEST WIND SPEED    16   HIGHEST WIND DIRECTION     N (360)
  HIGHEST GUST SPEED    22   HIGHEST GUST DIRECTION     N (360)
  AVERAGE WIND SPEED     7.6


SKY COVER
  AVERAGE SKY COVER 0.0


WEATHER CONDITIONS
THE FOLLOWING WEATHER WAS RECORDED YESTERDAY.
  NO SIGNIFICANT WEATHER WAS OBSERVED.


RELATIVE HUMIDITY (PERCENT)
 HIGHEST    93           200 AM
 LOWEST     28           200 PM
 AVERAGE    61

..........................................................


THE TERRE HAUTE IN CLIMATE NORMALS FOR TODAY
                         NORMAL    RECORD    YEAR
 MAXIMUM TEMPERATURE (F)   73        MM        MM
 MINIMUM TEMPERATURE (F)   48        MM        MM


SUNRISE AND SUNSET
OCTOBER  2 2022.......SUNRISE   746 AM EDT   SUNSET   730 PM EDT
OCTOBER  3 2022.......SUNRISE   747 AM EDT   SUNSET   728 PM EDT


-  INDICATES NEGATIVE NUMBERS.
R  INDICATES RECORD WAS SET OR TIED.
MM INDICATES DATA IS MISSING.
T  INDICATES TRACE AMOUNT.




$$
