000
CDUS41 KCAR 060545
CLIHUL

CLIMATE REPORT
NATIONAL WEATHER SERVICE CARIBOU ME
145 AM EDT THU OCT 06 2022

...................................

...THE HOULTON ME CLIMATE SUMMARY FOR OCTOBER 5 2022...

CLIMATE NORMAL PERIOD: 1991 TO 2020
CLIMATE RECORD PERIOD: 1948 TO 2022


WEATHER ITEM   OBSERVED TIME   RECORD YEAR NORMAL DEPARTURE LAST
                VALUE   (LST)  VALUE       VALUE  FROM      YEAR
                                                  NORMAL
...................................................................
TEMPERATURE (F)
 YESTERDAY
  MAXIMUM         69   2:06 PM  MM      MM  59     10       68
  MINIMUM         29   6:10 AM  MM      MM  37     -8       31
  AVERAGE         49                        48      1       50

PRECIPITATION (IN)
  YESTERDAY        0.00          0.82 1983   0.12  -0.12     0.00
  MONTH TO DATE    0.00                      0.60  -0.60     0.04
  SINCE SEP 1      4.10                      4.00   0.10     7.61
  SINCE JAN 1     31.32                     28.86   2.46    28.54

DEGREE DAYS
 HEATING
  YESTERDAY       16                        17     -1       15
  MONTH TO DATE   95                        80     15       84
  SINCE SEP 1    332                       363    -31      279
  SINCE JUL 1    407                       498    -91      400

 COOLING
  YESTERDAY        0                         0      0        0
  MONTH TO DATE    0                         0      0        0
  SINCE SEP 1     10                        17     -7       13
  SINCE JAN 1    247                       206     41      329
...................................................................


WIND (MPH)
  HIGHEST WIND SPEED     8   HIGHEST WIND DIRECTION     S (160)
  HIGHEST GUST SPEED    13   HIGHEST GUST DIRECTION     S (180)
  AVERAGE WIND SPEED     1.3


SKY COVER
  POSSIBLE SUNSHINE  MM
  AVERAGE SKY COVER 0.0


WEATHER CONDITIONS
THE FOLLOWING WEATHER WAS RECORDED YESTERDAY.
  NO SIGNIFICANT WEATHER WAS OBSERVED.


RELATIVE HUMIDITY (PERCENT)
 HIGHEST   100           7:00 AM
 LOWEST     35           1:00 PM
 AVERAGE    68

..........................................................


THE HOULTON ME CLIMATE NORMALS FOR TODAY
                         NORMAL    RECORD    YEAR
 MAXIMUM TEMPERATURE (F)   59        80      1946
 MINIMUM TEMPERATURE (F)   37        22      1992


SUNRISE AND SUNSET
OCTOBER  6 2022.......SUNRISE   6:36 AM EDT   SUNSET   6:02 PM EDT
OCTOBER  7 2022.......SUNRISE   6:37 AM EDT   SUNSET   6:00 PM EDT


-  INDICATES NEGATIVE NUMBERS.
*  INDICATES RECORD WAS SET OR TIED.
MM INDICATES DATA IS MISSING.
T  INDICATES TRACE AMOUNT.




$$
