000
CDUS45 KTFX 260738
CLIHVR

CLIMATE REPORT
NATIONAL WEATHER SERVICE GREAT FALLS MT
138 AM MDT MON SEP 26 2022

...................................

...THE HAVRE MT CLIMATE SUMMARY FOR SEPTEMBER 25 2022...

CLIMATE NORMAL PERIOD 1991 TO 2020
CLIMATE RECORD PERIOD 1880 TO 2022


WEATHER ITEM   OBSERVED TIME   RECORD YEAR NORMAL DEPARTURE LAST
                VALUE   (LST)  VALUE       VALUE  FROM      YEAR
                                                  NORMAL
...................................................................
TEMPERATURE (F)
 YESTERDAY
  MAXIMUM         79    325 PM  96    2001  69     10       91
  MINIMUM         33    549 AM  20    1934  40     -7       43
  AVERAGE         56                        54      2       67

PRECIPITATION (IN)
  YESTERDAY        0.00          1.95 1986   0.03  -0.03     0.00
  MONTH TO DATE    0.24                      0.89  -0.65     0.05
  SINCE OCT 1      8.71                     11.65  -2.94     7.42
  SINCE JAN 1      6.87                     10.01  -3.14     5.85

SNOWFALL (IN)
  YESTERDAY        0.0           1.0  1927   0.0    0.0      0.0
  MONTH TO DATE    0.0                       0.2   -0.2      0.0
  SINCE SEP 1      0.0                       0.2   -0.2      0.0
  SINCE JUL 1      0.0                       0.2   -0.2      0.0
  SNOW DEPTH       0

DEGREE DAYS
 HEATING
  YESTERDAY        9                        11     -2        0
  MONTH TO DATE  116                       180    -64      109
  SINCE SEP 1    116                       180    -64      109
  SINCE JUL 1    120                       255   -135      172

 COOLING
  YESTERDAY        0                         0      0        2
  MONTH TO DATE   84                        20     64       25
  SINCE SEP 1     84                        20     64       25
  SINCE JAN 1    652                       400    252      656
...................................................................


WIND (MPH)
  HIGHEST WIND SPEED    14   HIGHEST WIND DIRECTION    SW (240)
  HIGHEST GUST SPEED    22   HIGHEST GUST DIRECTION    SW (220)
  AVERAGE WIND SPEED     5.2


SKY COVER
  AVERAGE SKY COVER 0.0


WEATHER CONDITIONS
THE FOLLOWING WEATHER WAS RECORDED YESTERDAY.
  NO SIGNIFICANT WEATHER WAS OBSERVED.


RELATIVE HUMIDITY (PERCENT)
 HIGHEST    85           600 AM
 LOWEST     16           300 PM
 AVERAGE    51

..........................................................


THE HAVRE MT CLIMATE NORMALS FOR TODAY
                         NORMAL    RECORD    YEAR
 MAXIMUM TEMPERATURE (F)   69        92      1952
 MINIMUM TEMPERATURE (F)   39        19      1900


SUNRISE AND SUNSET
SEPTEMBER 26 2022.....SUNRISE   711 AM MDT   SUNSET   708 PM MDT
SEPTEMBER 27 2022.....SUNRISE   713 AM MDT   SUNSET   706 PM MDT


-  INDICATES NEGATIVE NUMBERS.
R  INDICATES RECORD WAS SET OR TIED.
MM INDICATES DATA IS MISSING.
T  INDICATES TRACE AMOUNT.




$$
