000
CDUS43 KUNR 020836
CLIICR

CLIMATE REPORT
NATIONAL WEATHER SERVICE RAPID CITY SD
236 AM MDT SUN OCT 02 2022

...................................

...THE WINNER REGIONAL AIRPORT SD CLIMATE SUMMARY FOR OCTOBER 1 2022...

CLIMATE NORMAL PERIOD 1991 TO 2020
CLIMATE RECORD PERIOD 9999 TO 9999


WEATHER ITEM   OBSERVED TIME   NORMAL DEPARTURE LAST
                VALUE   (LST)  VALUE  FROM      YEAR
                                      NORMAL
.......................................................
TEMPERATURE (F)
 YESTERDAY
  MAXIMUM         88    502 PM  72     16       66
  MINIMUM         54    701 AM  46      8       58
  AVERAGE         71            59     12       62

PRECIPITATION (IN)
  YESTERDAY        0.00          0.07  -0.07     0.06
  MONTH TO DATE    0.00          0.07  -0.07     0.06
  SINCE SEP 1      0.29          1.88  -1.59     3.53
  SINCE JAN 1     14.05         17.34  -3.29    13.86

DEGREE DAYS
 HEATING
  YESTERDAY        0             7     -7        3
  MONTH TO DATE    0             7     -7        3
  SINCE SEP 1     38           105    -67       36
  SINCE JUL 1     39           115    -76       36

 COOLING
  YESTERDAY        6             1      5        0
  MONTH TO DATE    6             1      5        0
  SINCE SEP 1    193           132     61      159
  SINCE JAN 1   1265          1047    218     1288
.......................................................


WIND (MPH)
  HIGHEST WIND SPEED    20   HIGHEST WIND DIRECTION     S (160)
  HIGHEST GUST SPEED    29   HIGHEST GUST DIRECTION     S (160)
  AVERAGE WIND SPEED    10.7


SKY COVER
  AVERAGE SKY COVER 0.0


RELATIVE HUMIDITY (PERCENT)
 HIGHEST    77           700 AM
 LOWEST     22           500 PM
 AVERAGE    50

..........................................................



SUNRISE AND SUNSET
OCTOBER  2 2022.......SUNRISE   738 AM CDT   SUNSET   718 PM CDT
OCTOBER  3 2022.......SUNRISE   739 AM CDT   SUNSET   717 PM CDT


-  INDICATES NEGATIVE NUMBERS.
R  INDICATES RECORD WAS SET OR TIED.
MM INDICATES DATA IS MISSING.
T  INDICATES TRACE AMOUNT.




$$
