000
CDUS43 KICT 290618
CLIICT

CLIMATE REPORT
NATIONAL WEATHER SERVICE WICHITA KANSAS
118 AM CDT THU SEP 29 2022

...................................

...THE WICHITA EISENHOWER NATIONAL CLIMATE SUMMARY FOR SEPTEMBER 28 2022...

CLIMATE NORMAL PERIOD 1991 TO 2020
CLIMATE RECORD PERIOD 1888 TO 2022


WEATHER ITEM   OBSERVED TIME   RECORD YEAR NORMAL DEPARTURE LAST
                VALUE   (LST)  VALUE       VALUE  FROM      YEAR
                                                  NORMAL
...................................................................
TEMPERATURE (F)
 YESTERDAY
  MAXIMUM         84    248 PM 103    1953  79      5       91
  MINIMUM         59    632 AM  35    1967  55      4       64
  AVERAGE         72                        67      5       78

PRECIPITATION (IN)
  YESTERDAY        0.00          1.37 1945   0.09  -0.09     0.00
  MONTH TO DATE    0.67                      2.86  -2.19     2.39
  SINCE SEP 1      0.67                      2.86  -2.19     2.39
  SINCE JAN 1     25.86                     28.69  -2.83    24.45

SNOWFALL (IN)
  YESTERDAY        0.0           0.0    MM   0.0    0.0      0.0
  MONTH TO DATE    0.0                       0.0    0.0      0.0
  SINCE SEP 1      0.0                       0.0    0.0      0.0
  SINCE JUL 1      0.0                       0.0    0.0      0.0
  SNOW DEPTH       0

DEGREE DAYS
 HEATING
  YESTERDAY        0                         2     -2        0
  MONTH TO DATE    8                        24    -16        2
  SINCE SEP 1      8                        24    -16        2
  SINCE JUL 1      8                        24    -16        2

 COOLING
  YESTERDAY        7                         4      3       13
  MONTH TO DATE  303                       224     79      312
  SINCE SEP 1    303                       224     79      312
  SINCE JAN 1   2085                      1717    368     1742
...................................................................


WIND (MPH)
  HIGHEST WIND SPEED    21   HIGHEST WIND DIRECTION    NE (60)
  HIGHEST GUST SPEED    29   HIGHEST GUST DIRECTION     E (70)
  AVERAGE WIND SPEED    14.9


SKY COVER
  POSSIBLE SUNSHINE  MM
  AVERAGE SKY COVER 0.1


WEATHER CONDITIONS
THE FOLLOWING WEATHER WAS RECORDED YESTERDAY.
  NO SIGNIFICANT WEATHER WAS OBSERVED.


RELATIVE HUMIDITY (PERCENT)
 HIGHEST    52           400 AM
 LOWEST     24           200 PM
 AVERAGE    38

..........................................................


THE WICHITA EISENHOWER NATIONAL CLIMATE NORMALS FOR TODAY
                         NORMAL    RECORD    YEAR
 MAXIMUM TEMPERATURE (F)   78        97      1994
                                             1998
 MINIMUM TEMPERATURE (F)   55        37      1908
                                             1972
                                             1984


SUNRISE AND SUNSET
SEPTEMBER 29 2022.....SUNRISE   724 AM CDT   SUNSET   716 PM CDT
SEPTEMBER 30 2022.....SUNRISE   724 AM CDT   SUNSET   714 PM CDT


-  INDICATES NEGATIVE NUMBERS.
R  INDICATES RECORD WAS SET OR TIED.
MM INDICATES DATA IS MISSING.
T  INDICATES TRACE AMOUNT.




$$
