000
CDUS45 KPIH 260729
CLIIDA

CLIMATE REPORT
NATIONAL WEATHER SERVICE POCATELLO ID
129 AM MDT MON SEP 26 2022

...................................

...THE IDAHO FALLS CLIMATE SUMMARY FOR SEPTEMBER 25 2022...

CLIMATE NORMAL PERIOD 1991 TO 2020
CLIMATE RECORD PERIOD 1948 TO 2022


WEATHER ITEM   OBSERVED TIME   RECORD YEAR NORMAL DEPARTURE LAST
                VALUE   (LST)  VALUE       VALUE  FROM      YEAR
                                                  NORMAL
...................................................................
TEMPERATURE (F)
 YESTERDAY
  MAXIMUM         78    458 PM  89    2014  71      7       82
                                      2015
  MINIMUM         40    634 AM  21    1970  38      2       38
  AVERAGE         59                        54      5       60

PRECIPITATION (IN)
  YESTERDAY        0.00          0.17 1948   0.04  -0.04     0.00
  MONTH TO DATE    1.09                      0.78   0.31     0.41
  SINCE OCT 1      8.27                      9.88  -1.61     9.34
  SINCE JAN 1      5.24                      7.56  -2.32     7.86

SNOWFALL (IN)
  YESTERDAY       MM
  MONTH TO DATE   MM
  SINCE SEP 1     MM
  SINCE JUL 1     MM
  SNOW DEPTH      MM

DEGREE DAYS
 HEATING
  YESTERDAY        6                        11     -5        5
  MONTH TO DATE   87                       172    -85      121
  SINCE SEP 1     87                       172    -85      121
  SINCE JUL 1     87                       243   -156      172

 COOLING
  YESTERDAY        0                         0      0        0
  MONTH TO DATE   67                         9     58       17
  SINCE SEP 1     67                         9     58       17
  SINCE JAN 1    565                       245    320      445
...................................................................


WIND (MPH)
  HIGHEST WIND SPEED     8   HIGHEST WIND DIRECTION     N (350)
  HIGHEST GUST SPEED    11   HIGHEST GUST DIRECTION    SW (230)
  AVERAGE WIND SPEED     3.5


SKY COVER
  POSSIBLE SUNSHINE  MM
  AVERAGE SKY COVER 0.0


WEATHER CONDITIONS
THE FOLLOWING WEATHER WAS RECORDED YESTERDAY.
  NO SIGNIFICANT WEATHER WAS OBSERVED.


RELATIVE HUMIDITY (PERCENT)
 HIGHEST    86           200 AM
 LOWEST     18           500 PM
 AVERAGE    52

..........................................................


THE IDAHO FALLS CLIMATE NORMALS FOR TODAY
                         NORMAL    RECORD    YEAR
 MAXIMUM TEMPERATURE (F)   70        87      1963
                                             2010
 MINIMUM TEMPERATURE (F)   38        26      1970


SUNRISE AND SUNSET
SEPTEMBER 26 2022.....SUNRISE   720 AM MDT   SUNSET   718 PM MDT
SEPTEMBER 27 2022.....SUNRISE   721 AM MDT   SUNSET   716 PM MDT


-  INDICATES NEGATIVE NUMBERS.
R  INDICATES RECORD WAS SET OR TIED.
MM INDICATES DATA IS MISSING.
T  INDICATES TRACE AMOUNT.




$$
