000
CDUS43 KUNR 260836
CLIIEN

CLIMATE REPORT
NATIONAL WEATHER SERVICE RAPID CITY SD
236 AM MDT MON SEP 26 2022

...................................

...THE PINE RIDGE SD CLIMATE SUMMARY FOR SEPTEMBER 25 2022...

CLIMATE NORMAL PERIOD 1991 TO 2020
CLIMATE RECORD PERIOD 9999 TO 9999


WEATHER ITEM   OBSERVED TIME   NORMAL DEPARTURE LAST
                VALUE   (LST)  VALUE  FROM      YEAR
                                      NORMAL
.......................................................
TEMPERATURE (F)
 YESTERDAY
  MAXIMUM         76    244 PM  74      2       88
  MINIMUM         33    550 AM  43    -10       39
  AVERAGE         55            58     -3       64

PRECIPITATION (IN)
  YESTERDAY        0.00          0.05  -0.05     0.00
  MONTH TO DATE    0.54          1.20  -0.66     2.42
  SINCE SEP 1      0.54          1.20  -0.66     2.42
  SINCE JAN 1      8.40         14.15  -5.75    11.53

DEGREE DAYS
 HEATING
  YESTERDAY       10             8      2        1
  MONTH TO DATE   64           110    -46       44
  SINCE SEP 1     64           110    -46       44
  SINCE JUL 1     64           139    -75       51

 COOLING
  YESTERDAY        0             1     -1        0
  MONTH TO DATE  130            79     51       96
  SINCE SEP 1    130            79     51       96
  SINCE JAN 1    979           776    203     1018
.......................................................


WIND (MPH)
  HIGHEST WIND SPEED    16   HIGHEST WIND DIRECTION     N (350)
  HIGHEST GUST SPEED    26   HIGHEST GUST DIRECTION    NE (30)
  AVERAGE WIND SPEED     4.9


SKY COVER
  AVERAGE SKY COVER 0.0


RELATIVE HUMIDITY (PERCENT)
 HIGHEST    88           600 AM
 LOWEST     23           100 PM
 AVERAGE    56

..........................................................



SUNRISE AND SUNSET
SEPTEMBER 26 2022.....SUNRISE   642 AM MDT   SUNSET   640 PM MDT
SEPTEMBER 27 2022.....SUNRISE   643 AM MDT   SUNSET   638 PM MDT


-  INDICATES NEGATIVE NUMBERS.
R  INDICATES RECORD WAS SET OR TIED.
MM INDICATES DATA IS MISSING.
T  INDICATES TRACE AMOUNT.




$$
