000
CDUS45 KVEF 290821
CLIIGM

CLIMATE REPORT
NATIONAL WEATHER SERVICE LAS VEGAS, NV
121 AM PDT THU SEP 29 2022

...................................

...THE KINGMAN AZ CLIMATE SUMMARY FOR SEPTEMBER 28 2022...

CLIMATE NORMAL PERIOD: 1991 TO 2020
CLIMATE RECORD PERIOD: 1901 TO 2022


WEATHER ITEM   OBSERVED TIME   RECORD YEAR NORMAL DEPARTURE LAST
                VALUE   (LST)  VALUE       VALUE  FROM      YEAR
                                                  NORMAL
...................................................................
TEMPERATURE (F)
 YESTERDAY
  MAXIMUM         93   3:07 PM  98    1963  86      7       82
  MINIMUM         67   3:13 AM  41    1925  56     11       62
                                      2013
  AVERAGE         80                        71      9       72

PRECIPITATION (IN)
  YESTERDAY        0.00          0.75 1905   0.02  -0.02     0.00
  MONTH TO DATE    1.08                      0.93   0.15     0.27
  SINCE OCT 1      8.40                      7.97   0.43     7.62
  SINCE JAN 1      5.80                      5.93  -0.13     7.28

DEGREE DAYS
 HEATING
  YESTERDAY        0                         1     -1        0
  MONTH TO DATE    0                         3     -3        0
  SINCE SEP 1      0                         3     -3        0
  SINCE JUL 1      0                         3     -3        0

 COOLING
  YESTERDAY       15                         7      8        7
  MONTH TO DATE  385                       314     71      379
  SINCE SEP 1    385                       314     71      379
  SINCE JAN 1   2260                      2086    174     2461
...................................................................


WIND (MPH)
  RESULTANT WIND SPEED   6   RESULTANT WIND DIRECTION   S (160)
  HIGHEST WIND SPEED    21   HIGHEST WIND DIRECTION    SW (220)
  HIGHEST GUST SPEED    35   HIGHEST GUST DIRECTION     S (160)
  AVERAGE WIND SPEED     9.1


SKY COVER
  AVERAGE SKY COVER 0.1


WEATHER CONDITIONS
THE FOLLOWING WEATHER WAS RECORDED YESTERDAY.
  THUNDERSTORM


RELATIVE HUMIDITY (PERCENT)
 HIGHEST    49           3:00 AM
 LOWEST     19           2:00 PM
 AVERAGE    34

..........................................................


THE KINGMAN AZ CLIMATE NORMALS FOR TODAY
                         NORMAL    RECORD    YEAR
 MAXIMUM TEMPERATURE (F)   86        98      2010
 MINIMUM TEMPERATURE (F)   55        40      1907
                                             1909
                                             2013


SUNRISE AND SUNSET
SEPTEMBER 29 2022.....SUNRISE   6:29 AM MST   SUNSET   6:22 PM MST
SEPTEMBER 30 2022.....SUNRISE   6:30 AM MST   SUNSET   6:21 PM MST


-  INDICATES NEGATIVE NUMBERS.
R  INDICATES RECORD WAS SET OR TIED.
MM INDICATES DATA IS MISSING.
T  INDICATES TRACE AMOUNT.




$$
