000
CDUS41 KPHI 052132
CLIILG

CLIMATE REPORT
NATIONAL WEATHER SERVICE MOUNT HOLLY NJ
532 PM EDT WED OCT 05 2022

...................................

...THE WILMINGTON DE CLIMATE SUMMARY FOR OCTOBER 5 2022...
VALID TODAY AS OF 0500 PM LOCAL TIME.

CLIMATE NORMAL PERIOD: 1991 TO 2020
CLIMATE RECORD PERIOD: 1894 TO 2022


WEATHER ITEM   OBSERVED TIME   RECORD YEAR NORMAL DEPARTURE LAST
                VALUE   (LST)  VALUE       VALUE  FROM      YEAR
                                                  NORMAL
...................................................................
TEMPERATURE (F)
 TODAY
  MAXIMUM         63   3:59 PM  94    1941  71     -8       71
  MINIMUM         54   1:14 AM  33    1965  52      2       64
  AVERAGE         59                        61     -2       68

PRECIPITATION (IN)
  TODAY            0.01          2.08 1925   0.13  -0.12     1.21
  MONTH TO DATE    3.18                      0.65   2.53     1.21
  SINCE SEP 1      6.03                      5.03   1.00     6.57
  SINCE JAN 1     34.39                     35.39  -1.00    32.60

SNOWFALL (IN)
  TODAY            0.0           0.0  1894   0.0    0.0      0.0
  MONTH TO DATE    0.0                       0.0    0.0      0.0
  SINCE SEP 1      0.0                       0.0    0.0      0.0
  SINCE JUL 1      0.0                       0.0    0.0      0.0
  SNOW DEPTH       0

DEGREE DAYS
 HEATING
  TODAY            6                         5      1        0
  MONTH TO DATE   52                        23     29       10
  SINCE SEP 1     84                        61     23       19
  SINCE JUL 1     84                        62     22       19

 COOLING
  TODAY            0                         2     -2        3
  MONTH TO DATE    0                        10    -10       18
  SINCE SEP 1    175                       165     10      194
  SINCE JAN 1   1408                      1216    192     1389
...................................................................


WIND (MPH)
  HIGHEST WIND SPEED    18   HIGHEST WIND DIRECTION     N (10)
  HIGHEST GUST SPEED    26   HIGHEST GUST DIRECTION    NE (30)
  AVERAGE WIND SPEED    11.8


SKY COVER
  POSSIBLE SUNSHINE  MM
  AVERAGE SKY COVER 1.0


WEATHER CONDITIONS
THE FOLLOWING WEATHER WAS RECORDED TODAY.
  LIGHT RAIN
  FOG


RELATIVE HUMIDITY (PERCENT)
 HIGHEST    90           5:00 AM
 LOWEST     78          11:00 AM
 AVERAGE    84

..........................................................


THE WILMINGTON DE CLIMATE NORMALS FOR TOMORROW
                         NORMAL    RECORD    YEAR
 MAXIMUM TEMPERATURE (F)   71        93      1941
 MINIMUM TEMPERATURE (F)   51        30      1965


SUNRISE AND SUNSET
OCTOBER  5 2022.......SUNRISE   7:02 AM EDT   SUNSET   6:38 PM EDT
OCTOBER  6 2022.......SUNRISE   7:03 AM EDT   SUNSET   6:37 PM EDT


-  INDICATES NEGATIVE NUMBERS.
R  INDICATES RECORD WAS SET OR TIED.
MM INDICATES DATA IS MISSING.
T  INDICATES TRACE AMOUNT.




$$
