000
CDUS42 KILM 290850
CLIILM

CLIMATE REPORT
NATIONAL WEATHER SERVICE WILMINGTON NC
450 AM EDT THU SEP 29 2022

...................................

...THE WILMINGTON NORTH CAROLINA CLIMATE SUMMARY FOR SEPTEMBER 28 2022...

CLIMATE NORMAL PERIOD 1991 TO 2020
CLIMATE RECORD PERIOD 1871 TO 2022


WEATHER ITEM   OBSERVED TIME   RECORD YEAR NORMAL DEPARTURE LAST
                VALUE   (LST)  VALUE       VALUE  FROM      YEAR
                                                  NORMAL
...................................................................
TEMPERATURE (F)
 YESTERDAY
  MAXIMUM         76    141 PM  94    2017  81     -5       87
  MINIMUM         58    645 AM  50    1889  63     -5       66
                                      1899
                                      1947
  AVERAGE         67                        72     -5       77

PRECIPITATION (IN)
  YESTERDAY        0.00          2.83 1877   0.27  -0.27     0.00
  MONTH TO DATE    2.15                      8.19  -6.04    10.77
  SINCE SEP 1      2.15                      8.19  -6.04    10.77
  SINCE JAN 1     33.61                     47.74 -14.13    57.09

DEGREE DAYS
 HEATING
  YESTERDAY        0                         0      0        0
  MONTH TO DATE    1                         0      1        0
  SINCE SEP 1      1                         0      1        0
  SINCE JUL 1      1                         0      1        0

 COOLING
  YESTERDAY        2                         7     -5       12
  MONTH TO DATE  342                       297     45      312
  SINCE SEP 1    342                       297     45      312
  SINCE JAN 1   2324                      1982    342     2116
...................................................................


WIND (MPH)
  RESULTANT WIND SPEED  11   RESULTANT WIND DIRECTION   N (20)
  HIGHEST WIND SPEED    20   HIGHEST WIND DIRECTION    NE (30)
  HIGHEST GUST SPEED    26   HIGHEST GUST DIRECTION    NE (40)
  AVERAGE WIND SPEED    11.3


SKY COVER
  AVERAGE SKY COVER 0.2


WEATHER CONDITIONS
THE FOLLOWING WEATHER WAS RECORDED YESTERDAY.
  NO SIGNIFICANT WEATHER WAS OBSERVED.


RELATIVE HUMIDITY (PERCENT)
 HIGHEST    84          1200 AM
 LOWEST     40           100 PM
 AVERAGE    62

..........................................................


THE WILMINGTON NORTH CAROLINA CLIMATE NORMALS FOR TODAY
                         NORMAL    RECORD    YEAR
 MAXIMUM TEMPERATURE (F)   81        96      2019
 MINIMUM TEMPERATURE (F)   63        46      1942


SUNRISE AND SUNSET
SEPTEMBER 29 2022.....SUNRISE   705 AM EDT   SUNSET   659 PM EDT
SEPTEMBER 30 2022.....SUNRISE   705 AM EDT   SUNSET   657 PM EDT


-  INDICATES NEGATIVE NUMBERS.
R  INDICATES RECORD WAS SET OR TIED.
MM INDICATES DATA IS MISSING.
T  INDICATES TRACE AMOUNT.




$$
