000
CDUS43 KILX 060628
CLIILX

CLIMATE REPORT
NATIONAL WEATHER SERVICE LINCOLN IL
128 AM CDT THU OCT 06 2022

...................................

...THE LINCOLN IL CLIMATE SUMMARY FOR OCTOBER 5 2022...

CLIMATE NORMAL PERIOD 1991 TO 2020
CLIMATE RECORD PERIOD 1905 TO 2022

WEATHER ITEM   OBSERVED TIME   RECORD YEAR NORMAL DEPARTURE LAST
                VALUE   (LST)  VALUE       VALUE  FROM      YEAR
                                                  NORMAL
...................................................................
TEMPERATURE (F)
 YESTERDAY
  MAXIMUM         78    250 PM  90    1922  72      6       70
  MINIMUM         34    615 AM  27    2020  46    -12       60
  AVERAGE         56                        59     -3       65

PRECIPITATION (IN)
  YESTERDAY        T             1.65 1928   0.10  -0.10     0.13
  MONTH TO DATE    T                         0.53  -0.53     0.77
  SINCE SEP 1      2.34                      3.83  -1.49     3.03
  SINCE JAN 1     28.17                     31.77  -3.60    33.76

SNOWFALL (IN)
  YESTERDAY        0.0           0.0    MM   0.0    0.0      0.0
  MONTH TO DATE    0.0                       0.0    0.0      0.0
  SINCE SEP 1      0.0                       0.0    0.0      0.0
  SINCE JUL 1      0.0                       0.0    0.0      0.0
  SNOW DEPTH       0

DEGREE DAYS
 HEATING
  YESTERDAY        9                         8      1        0
  MONTH TO DATE   41                        35      6        0
  SINCE SEP 1    130                       113     17       20
  SINCE JUL 1    130                       121      9       21

 COOLING
  YESTERDAY        0                         1     -1        0
  MONTH TO DATE    0                         7     -7       18
  SINCE SEP 1    108                       124    -16      180
  SINCE JAN 1   1016                      1003     13     1159
...................................................................

WIND (MPH)
  HIGHEST WIND SPEED    MM   HIGHEST WIND DIRECTION    MM
  HIGHEST GUST SPEED    MM   HIGHEST GUST DIRECTION    MM
  AVERAGE WIND SPEED    MM

SKY COVER
  POSSIBLE SUNSHINE  MM

WEATHER CONDITIONS
THE FOLLOWING WEATHER WAS RECORDED YESTERDAY.
  LIGHT RAIN

..........................................................

THE LINCOLN IL CLIMATE NORMALS FOR TODAY
                         NORMAL    RECORD    YEAR
 MAXIMUM TEMPERATURE (F)   71        90      1963
 MINIMUM TEMPERATURE (F)   45        24      1952

SUNRISE AND SUNSET
OCTOBER  6 2022.......SUNRISE   659 AM CDT   SUNSET   631 PM CDT
OCTOBER  7 2022.......SUNRISE   700 AM CDT   SUNSET   630 PM CDT

-  INDICATES NEGATIVE NUMBERS.
R  INDICATES RECORD WAS SET OR TIED.
MM INDICATES DATA IS MISSING.
T  INDICATES TRACE AMOUNT.

$$
