000
CDUS43 KIND 292037
CLIIND

CLIMATE REPORT
NATIONAL WEATHER SERVICE INDIANAPOLIS IN
437 PM EDT THU SEP 29 2022

...................................

...THE INDIANAPOLIS IN CLIMATE SUMMARY FOR SEPTEMBER 29 2022...
VALID TODAY AS OF 0400 PM LOCAL TIME.

CLIMATE NORMAL PERIOD 1991 TO 2020
CLIMATE RECORD PERIOD 1871 TO 2022


WEATHER ITEM   OBSERVED TIME   RECORD YEAR NORMAL DEPARTURE LAST
                VALUE   (LST)  VALUE       VALUE  FROM      YEAR
                                                  NORMAL
...................................................................
TEMPERATURE (F)
 TODAY
  MAXIMUM         67    257 PM  97    1953  73     -6       85
  MINIMUM         43    645 AM  34    1970  52     -9       61
  AVERAGE         55                        63     -8       73

PRECIPITATION (IN)
  TODAY            0.00          2.45 1955   0.10  -0.10     0.00
  MONTH TO DATE    2.12                      3.03  -0.91     5.25
  SINCE SEP 1      2.12                      3.03  -0.91     5.25
  SINCE JAN 1     29.41                     33.93  -4.52    36.56

SNOWFALL (IN)
  TODAY            0.0           0.0    MM   0.0    0.0      0.0
  MONTH TO DATE    0.0                       0.0    0.0      0.0
  SINCE SEP 1      0.0                       0.0    0.0      0.0
  SINCE JUL 1      0.0                       0.0    0.0      0.0
  SNOW DEPTH       0

...................................................................


WIND (MPH)
  HIGHEST WIND SPEED    14   HIGHEST WIND DIRECTION    NE (30)
  HIGHEST GUST SPEED    19   HIGHEST GUST DIRECTION    NE (40)
  AVERAGE WIND SPEED     8.1


SKY COVER
  AVERAGE SKY COVER 0.2


WEATHER CONDITIONS
THE FOLLOWING WEATHER WAS RECORDED TODAY.
  NO SIGNIFICANT WEATHER WAS OBSERVED.


RELATIVE HUMIDITY (PERCENT)
 HIGHEST    89           500 AM
 LOWEST     45           300 PM

..........................................................


THE INDIANAPOLIS IN CLIMATE NORMALS FOR TOMORROW
                         NORMAL    RECORD    YEAR
 MAXIMUM TEMPERATURE (F)   73        92      2019
 MINIMUM TEMPERATURE (F)   52        30      1899


SUNRISE AND SUNSET
SEPTEMBER 29 2022.....SUNRISE   739 AM EDT   SUNSET   731 PM EDT
SEPTEMBER 30 2022.....SUNRISE   740 AM EDT   SUNSET   729 PM EDT


-  INDICATES NEGATIVE NUMBERS.
R  INDICATES RECORD WAS SET OR TIED.
MM INDICATES DATA IS MISSING.
T  INDICATES TRACE AMOUNT.




$$
