000
CDUS43 KDLH 260621
CLIINL

CLIMATE REPORT
NATIONAL WEATHER SERVICE DULUTH MN
121 AM CDT MON SEP 26 2022

...................................

...THE INTERNATIONAL FALLS CLIMATE SUMMARY FOR SEPTEMBER 25 2022...

CLIMATE NORMAL PERIOD: 1991 TO 2020
CLIMATE RECORD PERIOD: 1895 TO 2022


WEATHER ITEM   OBSERVED TIME   RECORD YEAR NORMAL DEPARTURE LAST
                VALUE   (LST)  VALUE       VALUE  FROM      YEAR
                                                  NORMAL
...................................................................
TEMPERATURE (F)
 YESTERDAY
  MAXIMUM         61   2:06 PM  85    1920  62     -1       63
  MINIMUM         44  11:59 PM  21    1947  39      5       45
  AVERAGE         53                        50      3       54

PRECIPITATION (IN)
  YESTERDAY        0.02          1.34 1915   0.09  -0.07      T
  MONTH TO DATE    2.36                      2.55  -0.19     3.23
  SINCE SEP 1      2.36                      2.55  -0.19     3.23
  SINCE JAN 1     31.65                     20.32  11.33    14.39

SNOWFALL (IN)
  YESTERDAY        0.0           T    1991   0.0    0.0      0.0
  MONTH TO DATE    0.0                       0.0    0.0      0.0
  SINCE SEP 1      0.0                       0.0    0.0      0.0
  SINCE JUL 1      0.0                       0.0    0.0      0.0
  SNOW DEPTH       0

DEGREE DAYS
 HEATING
  YESTERDAY       12                        15     -3       11
  MONTH TO DATE  188                       257    -69      178
  SINCE SEP 1    188                       257    -69      178
  SINCE JUL 1    268                       447   -179      269

 COOLING
  YESTERDAY        0                         0      0        0
  MONTH TO DATE   14                        10      4        7
  SINCE SEP 1     14                        10      4        7
  SINCE JAN 1    191                       172     19      394
...................................................................


WIND (MPH)
  HIGHEST WIND SPEED    26   HIGHEST WIND DIRECTION    NW (330)
  HIGHEST GUST SPEED    40   HIGHEST GUST DIRECTION     N (340)
  AVERAGE WIND SPEED    12.3


SKY COVER
  AVERAGE SKY COVER 0.8


WEATHER CONDITIONS
THE FOLLOWING WEATHER WAS RECORDED YESTERDAY.
  LIGHT RAIN
  FOG


RELATIVE HUMIDITY (PERCENT)
 HIGHEST    97          12:00 AM
 LOWEST     62           2:00 PM
 AVERAGE    80

..........................................................


THE INTERNATIONAL FALLS CLIMATE NORMALS FOR TODAY
                         NORMAL    RECORD    YEAR
 MAXIMUM TEMPERATURE (F)   62        83      1922
 MINIMUM TEMPERATURE (F)   38        20      1965


SUNRISE AND SUNSET
SEPTEMBER 26 2022.....SUNRISE   7:06 AM CDT   SUNSET   7:03 PM CDT
SEPTEMBER 27 2022.....SUNRISE   7:07 AM CDT   SUNSET   7:01 PM CDT


-  INDICATES NEGATIVE NUMBERS.
R  INDICATES RECORD WAS SET OR TIED.
MM INDICATES DATA IS MISSING.
T  INDICATES TRACE AMOUNT.




$$
