000
CDUS45 KFGZ 050723
CLIINW

CLIMATE REPORT
NATIONAL WEATHER SERVICE FLAGSTAFF AZ
1223 AM MST WED OCT 05 2022

...................................

...THE WINSLOW AZ AIRPORT CLIMATE SUMMARY FOR OCTOBER 4 2022...

CLIMATE NORMAL PERIOD 1991 TO 2020
CLIMATE RECORD PERIOD 1915 TO 2022


WEATHER ITEM   OBSERVED TIME   RECORD YEAR NORMAL DEPARTURE LAST
                VALUE   (LST)  VALUE       VALUE  FROM      YEAR
                                                  NORMAL
...................................................................
TEMPERATURE (F)
 YESTERDAY
  MAXIMUM         73    422 PM  90    2017  79     -6       83
                                      2020
  MINIMUM         54    706 AM  32    2002  46      8       45
  AVERAGE         64                        62      2       64

PRECIPITATION (IN)
  YESTERDAY        T             1.04 1972   0.02  -0.02     0.00
  MONTH TO DATE    0.61                      0.07   0.54     0.00
  SINCE OCT 1      0.61                      0.07   0.54     0.00
  SINCE JAN 1      6.05                      5.10   0.95     4.26

DEGREE DAYS
 HEATING
  YESTERDAY        1                         4     -3        1
  MONTH TO DATE    5                        14     -9       19
  SINCE JUL 1      5                        38    -33       38

 COOLING
  YESTERDAY        0                         1     -1        0
  MONTH TO DATE    9                         4      5        0
  SINCE JAN 1   1580                      1323    257     1635
...................................................................


WIND (MPH)
  HIGHEST WIND SPEED    10   HIGHEST WIND DIRECTION    NE (40)
  HIGHEST GUST SPEED    14   HIGHEST GUST DIRECTION    NE (30)
  AVERAGE WIND SPEED     3.4


SKY COVER
  POSSIBLE SUNSHINE  MM
  AVERAGE SKY COVER 0.5


WEATHER CONDITIONS
THE FOLLOWING WEATHER WAS RECORDED YESTERDAY.
  LIGHT RAIN


RELATIVE HUMIDITY (PERCENT)
 HIGHEST    93           600 AM
 LOWEST     44           400 PM
 AVERAGE    69

..........................................................


THE WINSLOW AZ AIRPORT CLIMATE NORMALS FOR TODAY
                         NORMAL    RECORD    YEAR
 MAXIMUM TEMPERATURE (F)   78        90      2017
                                             2020
 MINIMUM TEMPERATURE (F)   45        27      2013


SUNRISE AND SUNSET
OCTOBER  5 2022.......SUNRISE   621 AM MST   SUNSET   601 PM MST
OCTOBER  6 2022.......SUNRISE   622 AM MST   SUNSET   600 PM MST


-  INDICATES NEGATIVE NUMBERS.
R  INDICATES RECORD WAS SET OR TIED.
MM INDICATES DATA IS MISSING.
T  INDICATES TRACE AMOUNT.




$$
