000
CDUS43 KDVN 290621
CLIIOW

CLIMATE REPORT
NATIONAL WEATHER SERVICE QUAD CITIES IA IL
121 AM CDT THU SEP 29 2022

...................................

...THE IOWA CITY IA CLIMATE SUMMARY FOR SEPTEMBER 28 2022...

CLIMATE NORMAL PERIOD 1991 TO 2020
CLIMATE RECORD PERIOD 9999 TO 9999


WEATHER ITEM   OBSERVED TIME   RECORD YEAR NORMAL DEPARTURE LAST
                VALUE   (LST)  VALUE       VALUE  FROM      YEAR
                                                  NORMAL
...................................................................
TEMPERATURE (F)
 YESTERDAY
  MAXIMUM         65    345 PM  MM      MM  73     -8       86
  MINIMUM         40    542 AM  MM      MM  49     -9       58
  AVERAGE         53                        61     -8       72

PRECIPITATION (IN)
  YESTERDAY        0.00         MM      MM   0.10  -0.10     0.00
  MONTH TO DATE    1.93                      3.05  -1.12     1.26
  SINCE SEP 1      1.93                      3.05  -1.12     1.26
  SINCE JAN 1     21.10                     28.89  -7.79    22.22

DEGREE DAYS
 HEATING
  YESTERDAY       12                         6      6        0
  MONTH TO DATE   47                        72    -25       18
  SINCE SEP 1     47                        72    -25       18
  SINCE JUL 1     47                        78    -31       18

 COOLING
  YESTERDAY        0                         2     -2        7
  MONTH TO DATE  144                       106     38      131
  SINCE SEP 1    144                       106     38      131
  SINCE JAN 1   1188                      1025    163     1226
...................................................................


WIND (MPH)
  HIGHEST WIND SPEED    12   HIGHEST WIND DIRECTION    NE (50)
  HIGHEST GUST SPEED    16   HIGHEST GUST DIRECTION     N (10)
  AVERAGE WIND SPEED     4.9


SKY COVER
  POSSIBLE SUNSHINE  MM
  AVERAGE SKY COVER 0.0


WEATHER CONDITIONS
THE FOLLOWING WEATHER WAS RECORDED YESTERDAY.
  NO SIGNIFICANT WEATHER WAS OBSERVED.


RELATIVE HUMIDITY (PERCENT)
 HIGHEST    82           600 AM
 LOWEST     31           500 PM
 AVERAGE    57

..........................................................


THE IOWA CITY IA CLIMATE NORMALS FOR TODAY
                         NORMAL    RECORD    YEAR
 MAXIMUM TEMPERATURE (F)   73        MM        MM
 MINIMUM TEMPERATURE (F)   49        MM        MM


SUNRISE AND SUNSET
SEPTEMBER 29 2022.....SUNRISE   701 AM CDT   SUNSET   651 PM CDT
SEPTEMBER 30 2022.....SUNRISE   702 AM CDT   SUNSET   649 PM CDT


-  INDICATES NEGATIVE NUMBERS.
R  INDICATES RECORD WAS SET OR TIED.
MM INDICATES DATA IS MISSING.
T  INDICATES TRACE AMOUNT.




$$
