000
CDUS41 KCTP 060640
CLIIPT

CLIMATE REPORT
NATIONAL WEATHER SERVICE STATE COLLEGE PA
240 AM EDT THU OCT 06 2022

...................................

...THE WILLIAMSPORT PA CLIMATE SUMMARY FOR OCTOBER 5 2022...

CLIMATE NORMAL PERIOD 1991 TO 2020
CLIMATE RECORD PERIOD 1895 TO 2022


WEATHER ITEM   OBSERVED TIME   RECORD YEAR NORMAL DEPARTURE LAST
                VALUE   (LST)  VALUE       VALUE  FROM      YEAR
                                                  NORMAL
...................................................................
TEMPERATURE (F)
 YESTERDAY
  MAXIMUM         72    441 PM  91    1941  68      4       74
                                      1951
  MINIMUM         47   1144 PM  27    1935  47      0       62
  AVERAGE         60                        57      3       68

PRECIPITATION (IN)
  YESTERDAY        0.15          2.04 1995   0.13   0.02     0.00
  MONTH TO DATE    1.94                      0.67   1.27     1.59
  SINCE SEP 1      6.58                      5.43   1.15    10.10
  SINCE JAN 1     30.20                     33.97  -3.77    37.37

SNOWFALL (IN)
  YESTERDAY        0.0           0.0  2001   0.0    0.0      0.0
                                      2002
  MONTH TO DATE    0.0                       0.0    0.0      0.0
  SINCE SEP 1      0.0                       0.0    0.0      0.0
  SINCE JUL 1      0.0                       0.0    0.0      0.0
  SNOW DEPTH       0

DEGREE DAYS
 HEATING
  YESTERDAY        5                         8     -3        0
  MONTH TO DATE   53                        38     15       22
  SINCE SEP 1    128                       128      0       60
  SINCE JUL 1    128                       136     -8       60

 COOLING
  YESTERDAY        0                         1     -1        3
  MONTH TO DATE    0                         5     -5        9
  SINCE SEP 1     91                        85      6      101
  SINCE JAN 1    997                       794    203      994
...................................................................


WIND (MPH)
  HIGHEST WIND SPEED    13   HIGHEST WIND DIRECTION    SW (240)
  HIGHEST GUST SPEED    19   HIGHEST GUST DIRECTION     W (260)
  AVERAGE WIND SPEED     3.9


SKY COVER
  POSSIBLE SUNSHINE  MM
  AVERAGE SKY COVER 0.6


WEATHER CONDITIONS
THE FOLLOWING WEATHER WAS RECORDED YESTERDAY.
  HEAVY RAIN
  RAIN
  LIGHT RAIN
  FOG


RELATIVE HUMIDITY (PERCENT)
 HIGHEST    93           500 AM
 LOWEST     41           200 PM
 AVERAGE    67

..........................................................


THE WILLIAMSPORT PA CLIMATE NORMALS FOR TODAY
                         NORMAL    RECORD    YEAR
 MAXIMUM TEMPERATURE (F)   67        89      1922
                                             1941
 MINIMUM TEMPERATURE (F)   47        27      1965


SUNRISE AND SUNSET
OCTOBER  6 2022.......SUNRISE   710 AM EDT   SUNSET   641 PM EDT
OCTOBER  7 2022.......SUNRISE   711 AM EDT   SUNSET   639 PM EDT


-  INDICATES NEGATIVE NUMBERS.
R  INDICATES RECORD WAS SET OR TIED.
MM INDICATES DATA IS MISSING.
T  INDICATES TRACE AMOUNT.




$$
