000
CDUS43 KEAX 010631
CLIIRK

CLIMATE REPORT
NATIONAL WEATHER SERVICE KANSAS CITY/PLEASANT HILL MO
131 AM CDT SAT OCT 01 2022

...................................

...THE KIRKSVILLE MO CLIMATE SUMMARY FOR SEPTEMBER 30 2022...

CLIMATE NORMAL PERIOD: 1991 TO 2020
CLIMATE RECORD PERIOD: 9999 TO 9999


WEATHER ITEM   OBSERVED TIME   NORMAL DEPARTURE LAST
                VALUE   (LST)  VALUE  FROM      YEAR
                                      NORMAL
.......................................................
TEMPERATURE (F)
 YESTERDAY
  MAXIMUM         73   2:32 PM  72      1       87
  MINIMUM         38   6:17 AM  49    -11       61
  AVERAGE         56            60     -4       74

PRECIPITATION (IN)
  YESTERDAY        0.00          0.10  -0.10     0.37
  MONTH TO DATE    1.19          3.65  -2.46     0.80
  SINCE SEP 1      1.19          3.65  -2.46     0.80
  SINCE JAN 1     24.89         31.95  -7.06    35.40

DEGREE DAYS
 HEATING
  YESTERDAY        9             6      3        0
  MONTH TO DATE   82            91     -9       19
  SINCE SEP 1     82            91     -9       19
  SINCE JUL 1     82            99    -17       19

 COOLING
  YESTERDAY        0             2     -2        9
  MONTH TO DATE  135           106     29      182
  SINCE SEP 1    135           106     29      182
  SINCE JAN 1   1111           990    121     1197
.......................................................


WIND (MPH)
  HIGHEST WIND SPEED    14   HIGHEST WIND DIRECTION    SE (130)
  HIGHEST GUST SPEED    20   HIGHEST GUST DIRECTION    SE (120)
  AVERAGE WIND SPEED     4.4


SKY COVER
  AVERAGE SKY COVER 0.0


WEATHER CONDITIONS
THE FOLLOWING WEATHER WAS RECORDED YESTERDAY.
  NO SIGNIFICANT WEATHER WAS OBSERVED.


RELATIVE HUMIDITY (PERCENT)
 HIGHEST    97           6:00 AM
 LOWEST     35           1:00 PM
 AVERAGE    66

..........................................................


THE KIRKSVILLE MO CLIMATE NORMALS FOR TODAY
                         NORMAL




SUNRISE AND SUNSET
OCTOBER  1 2022.......SUNRISE   7:07 AM CDT   SUNSET   6:52 PM CDT
OCTOBER  2 2022.......SUNRISE   7:08 AM CDT   SUNSET   6:51 PM CDT


-  INDICATES NEGATIVE NUMBERS.
R  INDICATES RECORD WAS SET OR TIED.
MM INDICATES DATA IS MISSING.
T  INDICATES TRACE AMOUNT.




$$
