000
CDUS41 KOKX 020617
CLIISP

CLIMATE REPORT
NATIONAL WEATHER SERVICE NEW YORK, NY
217 AM EDT SUN OCT 02 2022

...................................

...THE ISLIP NY CLIMATE SUMMARY FOR OCTOBER 1 2022...

CLIMATE NORMAL PERIOD 1991 TO 2020
CLIMATE RECORD PERIOD 1963 TO 2022


WEATHER ITEM   OBSERVED TIME   RECORD YEAR NORMAL DEPARTURE LAST
                VALUE   (LST)  VALUE       VALUE  FROM      YEAR
                                                  NORMAL
...................................................................
TEMPERATURE (F)
 YESTERDAY
  MAXIMUM         61   1105 PM  83    1986  70     -9       68
  MINIMUM         52    724 AM  37    1992  53     -1       49
  AVERAGE         57                        61     -4       59

PRECIPITATION (IN)
  YESTERDAY        0.52          0.78 1984   0.13   0.39     0.00
  MONTH TO DATE    0.52                      0.13   0.39     0.00
  SINCE SEP 1      3.41                      3.73  -0.32     5.22
  SINCE JAN 1     27.86                     34.03  -6.17    37.51

SNOWFALL (IN)
  YESTERDAY        0.0          MM      MM   0.0    0.0      0.0
  MONTH TO DATE    0.0                       0.0    0.0      0.0
  SINCE SEP 1      0.0                       0.0    0.0      0.0
  SINCE JUL 1      0.0                       0.0    0.0      0.0
  SNOW DEPTH       0

DEGREE DAYS
 HEATING
  YESTERDAY        8                         5      3        6
  MONTH TO DATE    8                         5      3        6
  SINCE SEP 1     43                        58    -15       14
  SINCE JUL 1     43                        61    -18       17

 COOLING
  YESTERDAY        0                         1     -1        0
  MONTH TO DATE    0                         1     -1        0
  SINCE SEP 1    140                       109     31      152
  SINCE JAN 1   1113                       873    240     1030
...................................................................


WIND (MPH)
  HIGHEST WIND SPEED    25   HIGHEST WIND DIRECTION    NE (40)
  HIGHEST GUST SPEED    31   HIGHEST GUST DIRECTION    NE (40)
  AVERAGE WIND SPEED    16.1


SKY COVER
  AVERAGE SKY COVER 0.9


WEATHER CONDITIONS
THE FOLLOWING WEATHER WAS RECORDED YESTERDAY.
  RAIN
  LIGHT RAIN
  FOG


RELATIVE HUMIDITY (PERCENT)
 HIGHEST    97          1200 PM
 LOWEST     69           200 AM
 AVERAGE    83

..........................................................


THE ISLIP NY CLIMATE NORMALS FOR TODAY
                         NORMAL    RECORD    YEAR
 MAXIMUM TEMPERATURE (F)   69        89      2019
 MINIMUM TEMPERATURE (F)   53        36      1997


SUNRISE AND SUNSET
OCTOBER  2 2022.......SUNRISE   650 AM EDT   SUNSET   633 PM EDT
OCTOBER  3 2022.......SUNRISE   651 AM EDT   SUNSET   631 PM EDT


-  INDICATES NEGATIVE NUMBERS.
R  INDICATES RECORD WAS SET OR TIED.
MM INDICATES DATA IS MISSING.
T  INDICATES TRACE AMOUNT.




$$
