000
CDCA42 TJSJ 260446
CLIIST

CLIMATE REPORT
NATIONAL WEATHER SERVICE SAN JUAN PR
1246 AM AST MON SEP 26 2022

...................................

...THE CYRIL E. KING AP/ST THOMAS CLIMATE SUMMARY FOR SEPTEMBER 25 2022...

CLIMATE NORMAL PERIOD: 1991 TO 2020
CLIMATE RECORD PERIOD: 1953 TO 2022


WEATHER ITEM   OBSERVED TIME   RECORD YEAR NORMAL DEPARTURE LAST
                VALUE   (LST)  VALUE       VALUE  FROM      YEAR
                                                  NORMAL
...................................................................
TEMPERATURE (F)
 YESTERDAY
  MAXIMUM         89        MM  95    1992  89      0       88
  MINIMUM         80        MM  72    1956  79      1       78
  AVERAGE         85                        84      1       83

PRECIPITATION (IN)
  YESTERDAY        0.04          1.00 1980   0.20  -0.16     0.00
  MONTH TO DATE    6.20                      4.82   1.38     3.18
  SINCE SEP 1      6.20                      4.82   1.38     3.18
  SINCE JAN 1     25.08                     26.11  -1.03    22.32

DEGREE DAYS
 HEATING
  YESTERDAY        0                         0      0        0
  MONTH TO DATE    0                         0      0        0
  SINCE SEP 1      0                         0      0        0
  SINCE JUL 1      0                         0      0        0

 COOLING
  YESTERDAY       20                        19      1       18
  MONTH TO DATE  484                       486     -2      450
  SINCE SEP 1    484                       486     -2      450
  SINCE JAN 1   4385                      4537   -152     4701
...................................................................


WIND (MPH)
  HIGHEST WIND SPEED    16   HIGHEST WIND DIRECTION    SE (130)
  HIGHEST GUST SPEED    MM   HIGHEST GUST DIRECTION    MM
  AVERAGE WIND SPEED     9.8


SKY COVER
  AVERAGE SKY COVER 0.2


WEATHER CONDITIONS
THE FOLLOWING WEATHER WAS RECORDED YESTERDAY.
  NO SIGNIFICANT WEATHER WAS OBSERVED.


RELATIVE HUMIDITY (PERCENT)
 HIGHEST    82
 LOWEST     63
 AVERAGE    73

..........................................................


THE CYRIL E. KING AP/ST THOMAS CLIMATE NORMALS FOR TODAY
                         NORMAL    RECORD    YEAR
 MAXIMUM TEMPERATURE (F)   89        94      1994
 MINIMUM TEMPERATURE (F)   79        74      1988


SUNRISE AND SUNSET
SEPTEMBER 26 2022.....SUNRISE   6:09 AM AST   SUNSET   6:13 PM AST
SEPTEMBER 27 2022.....SUNRISE   6:10 AM AST   SUNSET   6:12 PM AST


-  INDICATES NEGATIVE NUMBERS.
R  INDICATES RECORD WAS SET OR TIED.
MM INDICATES DATA IS MISSING.
T  INDICATES TRACE AMOUNT.




$$
