000
CDCA42 TJSJ 010438
CLIISX

CLIMATE REPORT
NATIONAL WEATHER SERVICE SAN JUAN PR
1238 AM AST SAT OCT 01 2022

...................................

...THE HENRY E. ROHLSEN AP/ST CROIX CLIMATE SUMMARY FOR SEPTEMBER 30 2022...

CLIMATE NORMAL PERIOD: 1991 TO 2020
CLIMATE RECORD PERIOD: 1951 TO 2022


WEATHER ITEM   OBSERVED TIME   RECORD YEAR NORMAL DEPARTURE LAST
                VALUE   (LST)  VALUE       VALUE  FROM      YEAR
                                                  NORMAL
...................................................................
TEMPERATURE (F)
 YESTERDAY
  MAXIMUM         87   2:24 PM  91    2013  89     -2       91
                                      2021
  MINIMUM         74  12:43 AM  68    1954  76     -2       74
  AVERAGE         81                        82     -1       83

PRECIPITATION (IN)
  YESTERDAY        0.08          1.87 1954   0.17  -0.09     0.00
  MONTH TO DATE   11.23                      4.89   6.34     1.53
  SINCE SEP 1     11.23                      4.89   6.34     1.53
  SINCE JAN 1     27.04                     23.43   3.61    14.85

DEGREE DAYS
 HEATING
  YESTERDAY        0                         0      0        0
  MONTH TO DATE    0                         0      0        0
  SINCE SEP 1      0                         0      0        0
  SINCE JUL 1      0                         0      0        0

 COOLING
  YESTERDAY       16                        17     -1       18
  MONTH TO DATE  588                       534     54      577
  SINCE SEP 1    588                       534     54      577
  SINCE JAN 1   4643                      4320    323     4581
...................................................................


WIND (MPH)
  HIGHEST WIND SPEED    17   HIGHEST WIND DIRECTION    SE (140)
  HIGHEST GUST SPEED    24   HIGHEST GUST DIRECTION    SE (130)
  AVERAGE WIND SPEED     5.6


SKY COVER
  AVERAGE SKY COVER 0.4


WEATHER CONDITIONS
THE FOLLOWING WEATHER WAS RECORDED YESTERDAY.
  FOG


RELATIVE HUMIDITY (PERCENT)
 HIGHEST    94
 LOWEST     68
 AVERAGE    81

..........................................................


THE HENRY E. ROHLSEN AP/ST CROIX CLIMATE NORMALS FOR TODAY
                         NORMAL    RECORD    YEAR
 MAXIMUM TEMPERATURE (F)   89        98      1972
 MINIMUM TEMPERATURE (F)   76        69      1977


SUNRISE AND SUNSET
OCTOBER  1 2022.......SUNRISE   6:10 AM AST   SUNSET   6:08 PM AST
OCTOBER  2 2022.......SUNRISE   6:10 AM AST   SUNSET   6:07 PM AST


-  INDICATES NEGATIVE NUMBERS.
R  INDICATES RECORD WAS SET OR TIED.
MM INDICATES DATA IS MISSING.
T  INDICATES TRACE AMOUNT.




$$
