000
CDHW43 PHFO 010231
CLIITO

CLIMATE REPORT
NATIONAL WEATHER SERVICE HONOLULU HI
431 PM HST FRI SEP 30 2022

...................................

...THE HILO HI CLIMATE SUMMARY FOR SEPTEMBER 30 2022...
VALID TODAY AS OF 0425 PM LOCAL TIME.

CLIMATE NORMAL PERIOD 1991 TO 2020
CLIMATE RECORD PERIOD 1949 TO 2022


WEATHER ITEM   OBSERVED TIME   RECORD YEAR NORMAL DEPARTURE LAST
                VALUE   (LST)  VALUE       VALUE  FROM      YEAR
                                                  NORMAL
...................................................................
TEMPERATURE (F)
 TODAY
  MAXIMUM         84    337 PM  88    1976  83      1       79
                                      2018
                                      2020
  MINIMUM         71    647 AM  61    1970  70      1       70
  AVERAGE         78                        76      2       75

PRECIPITATION (IN)
  TODAY            0.06          2.34 1987   0.28  -0.22     1.69
  MONTH TO DATE    4.65                      8.70  -4.05     8.94
  SINCE SEP 1      4.65                      8.70  -4.05     8.94
  SINCE JAN 1     63.07                     83.69 -20.62    97.62

SNOWFALL (IN)
  TODAY           MM
  MONTH TO DATE   MM
  SINCE SEP 1     MM
  SINCE JUL 1     MM
  SNOW DEPTH      MM

DEGREE DAYS
 HEATING
  TODAY            0                         0      0        0
  MONTH TO DATE    0                         0      0        0
  SINCE SEP 1      0                         0      0        0
  SINCE JUL 1      0                         0      0        0

 COOLING
  TODAY           13                        11      2       10
  MONTH TO DATE  371                       346     25      369
  SINCE SEP 1    371                       346     25      369
  SINCE JAN 1   2820                      2457    363     2832
...................................................................


WIND (MPH)
  HIGHEST WIND SPEED    13   HIGHEST WIND DIRECTION    NE (40)
  HIGHEST GUST SPEED    16   HIGHEST GUST DIRECTION    NE (40)
  AVERAGE WIND SPEED     6.6


SKY COVER
  POSSIBLE SUNSHINE  MM
  AVERAGE SKY COVER 0.4


WEATHER CONDITIONS
THE FOLLOWING WEATHER WAS RECORDED TODAY.
  HEAVY RAIN
  LIGHT RAIN
  FOG


RELATIVE HUMIDITY (PERCENT)
 HIGHEST    94          1200 AM
 LOWEST     63           100 PM
 AVERAGE    79

..........................................................


THE HILO HI CLIMATE NORMALS FOR TOMORROW
                         NORMAL    RECORD    YEAR
 MAXIMUM TEMPERATURE (F)   83        90      1960
                                             1996
                                             2003
 MINIMUM TEMPERATURE (F)   69        64      1959


SUNRISE AND SUNSET
SEPTEMBER 30 2022.....SUNRISE   611 AM HST   SUNSET   609 PM HST
OCTOBER  1 2022.......SUNRISE   611 AM HST   SUNSET   608 PM HST


-  INDICATES NEGATIVE NUMBERS.
R  INDICATES RECORD WAS SET OR TIED.
MM INDICATES DATA IS MISSING.
T  INDICATES TRACE AMOUNT.




$$
