000
CDUS44 KJAN 292110
CLIJAN

CLIMATE REPORT
NATIONAL WEATHER SERVICE JACKSON MS
408 PM CDT THU SEP 29 2022

...................................

...THE JACKSON CLIMATE SUMMARY FOR SEPTEMBER 29 2022...
VALID TODAY AS OF 0400 PM LOCAL TIME.

CLIMATE NORMAL PERIOD: 1991 TO 2020
CLIMATE RECORD PERIOD: 1896 TO 2022


WEATHER ITEM   OBSERVED TIME   RECORD YEAR NORMAL DEPARTURE LAST
                VALUE   (LST)  VALUE       VALUE  FROM      YEAR
                                                  NORMAL
...................................................................
TEMPERATURE (F)
 TODAY
  MAXIMUM         75   2:58 PM  99    1953  84     -9       83
  MINIMUM         51   5:04 AM  35    1967  62    -11       67
  AVERAGE         63                        73    -10       75

PRECIPITATION (IN)
  TODAY            0.00          2.12 1989   0.12  -0.12     0.11
  MONTH TO DATE    0.59                      3.36  -2.77     2.04
  SINCE SEP 1      0.59                      3.36  -2.77     2.04
  SINCE JAN 1     51.37                     43.90   7.47    47.87

SNOWFALL (IN)
  TODAY            0.0           0.0  2001   0.0    0.0      0.0
                                      2002
  MONTH TO DATE    0.0                       0.0    0.0      0.0
  SINCE SEP 1      0.0                       0.0    0.0      0.0
  SINCE JUL 1      0.0                       0.0    0.0      0.0

DEGREE DAYS
 HEATING
  TODAY            2                         0      2        0
  MONTH TO DATE    2                         0      2        1
  SINCE SEP 1      2                         0      2        1
  SINCE JUL 1      2                         0      2        1

 COOLING
  TODAY            0                         8     -8       10
  MONTH TO DATE  313                       353    -40      319
  SINCE SEP 1    313                       353    -40      319
  SINCE JAN 1   2353                      2241    112     2226
...................................................................


WIND (MPH)
  HIGHEST WIND SPEED    17   HIGHEST WIND DIRECTION     N (10)
  HIGHEST GUST SPEED    24   HIGHEST GUST DIRECTION     N (350)
  AVERAGE WIND SPEED    11.1


SKY COVER
  POSSIBLE SUNSHINE  MM
  AVERAGE SKY COVER 0.0


WEATHER CONDITIONS
THE FOLLOWING WEATHER WAS RECORDED TODAY.
  NO SIGNIFICANT WEATHER WAS OBSERVED.


RELATIVE HUMIDITY (PERCENT)
 HIGHEST    74           5:00 AM
 LOWEST     33           3:00 PM
 AVERAGE    54

..........................................................


THE JACKSON CLIMATE NORMALS FOR TOMORROW
                         NORMAL    RECORD    YEAR
 MAXIMUM TEMPERATURE (F)   84        97      1927
 MINIMUM TEMPERATURE (F)   61        37      1967


SUNRISE AND SUNSET
SEPTEMBER 29 2022.....SUNRISE   6:53 AM CDT   SUNSET   6:48 PM CDT
SEPTEMBER 30 2022.....SUNRISE   6:54 AM CDT   SUNSET   6:46 PM CDT


-  INDICATES NEGATIVE NUMBERS.
R  INDICATES RECORD WAS SET OR TIED.
MM INDICATES DATA IS MISSING.
T  INDICATES TRACE AMOUNT.

&&

AT 4 PM:

THE PEARL RIVER STAGE AT JACKSON WAS 4.1 FEET. THE RIVER REMAINED
STEADY OVER THE PREVIOUS 24 HOURS.

THE MISSISSIPPI RIVER STAGE AT VICKSBURG WAS 4.4 FEET. THE RIVER
FELL 0.1 FEET OVER THE PREVIOUS 24 HOURS.

THE AIR QUALITY INDEX IN JACKSON IS 37...WHICH IS GOOD.


$$
