000
CDUS42 KJAX 020536
CLIJAX

CLIMATE REPORT
NATIONAL WEATHER SERVICE JACKSONVILLE FL
136 AM EDT SUN OCT 02 2022

...................................

...THE JACKSONVILLE CLIMATE SUMMARY FOR OCTOBER 1 2022...

CLIMATE NORMAL PERIOD: 1991 TO 2020
CLIMATE RECORD PERIOD: 1871 TO 2022


WEATHER ITEM   OBSERVED TIME   RECORD YEAR NORMAL DEPARTURE LAST
                VALUE   (LST)  VALUE       VALUE  FROM      YEAR
                                                  NORMAL
...................................................................
TEMPERATURE (F)
 YESTERDAY
  MAXIMUM         85   4:18 PM  94    1959  85      0       88
  MINIMUM         58   5:55 AM  48    1920  67     -9       65
  AVERAGE         72                        76     -4       77

PRECIPITATION (IN)
  YESTERDAY        0.00          5.14 1890   0.23  -0.23     0.00
  MONTH TO DATE    0.00                      0.23  -0.23     0.00
  SINCE SEP 1      5.53                      7.79  -2.26     5.11
  SINCE JAN 1     50.37                     44.82   5.55    48.21

SNOWFALL (IN)
  YESTERDAY        0.0           0.0    MM

DEGREE DAYS
 HEATING
  YESTERDAY        0                         0      0        0
  MONTH TO DATE    0                         0      0        0
  SINCE SEP 1      0                         0      0        0
  SINCE JUL 1      0                         0      0        0

 COOLING
  YESTERDAY        7                        11     -4       12
  MONTH TO DATE    7                        11     -4       12
  SINCE SEP 1    407                       427    -20      407
  SINCE JAN 1   2569                      2510     59     2362
...................................................................


WIND (MPH)
  HIGHEST WIND SPEED    17   HIGHEST WIND DIRECTION     W (280)
  HIGHEST GUST SPEED    25   HIGHEST GUST DIRECTION     W (290)
  AVERAGE WIND SPEED     5.7


SKY COVER
  AVERAGE SKY COVER 0.2


WEATHER CONDITIONS
THE FOLLOWING WEATHER WAS RECORDED YESTERDAY.
  NO SIGNIFICANT WEATHER WAS OBSERVED.


RELATIVE HUMIDITY (PERCENT)
 HIGHEST    96           7:00 AM
 LOWEST     39           3:00 PM
 AVERAGE    68

..........................................................


THE JACKSONVILLE CLIMATE NORMALS FOR TODAY
                         NORMAL    RECORD    YEAR
 MAXIMUM TEMPERATURE (F)   84        93      1986
 MINIMUM TEMPERATURE (F)   67        43      1876


SUNRISE AND SUNSET
OCTOBER  2 2022.......SUNRISE   7:21 AM EDT   SUNSET   7:11 PM EDT
OCTOBER  3 2022.......SUNRISE   7:21 AM EDT   SUNSET   7:10 PM EDT


-  INDICATES NEGATIVE NUMBERS.
R  INDICATES RECORD WAS SET OR TIED.
MM INDICATES DATA IS MISSING.
T  INDICATES TRACE AMOUNT.




$$
