000
CDUS44 KMEG 010638
CLIJBR

CLIMATE REPORT
NATIONAL WEATHER SERVICE MEMPHIS TN
138 AM CDT SAT OCT 01 2022

...................................

...THE JONESBORO CLIMATE SUMMARY FOR SEPTEMBER 30 2022...

CLIMATE NORMAL PERIOD 1991 TO 2020
CLIMATE RECORD PERIOD 1897 TO 2022


WEATHER ITEM   OBSERVED TIME   RECORD YEAR NORMAL DEPARTURE LAST
                VALUE   (LST)  VALUE       VALUE  FROM      YEAR
                                                  NORMAL
...................................................................
TEMPERATURE (F)
 YESTERDAY
  MAXIMUM         78    337 PM  96    1953  80     -2       79
                                      2019
  MINIMUM         51    625 AM  33    1916  57     -6       69
  AVERAGE         65                        68     -3       74

PRECIPITATION (IN)
  YESTERDAY        0.00          3.35 1898   0.12  -0.12     0.94
  MONTH TO DATE    0.35                      3.30  -2.95     2.75
  SINCE SEP 1      0.35                      3.30  -2.95     2.75
  SINCE JAN 1     36.36                     35.85   0.51    34.03

DEGREE DAYS
 HEATING
  YESTERDAY        0                         2     -2        0
  MONTH TO DATE    3                        11     -8        0
  SINCE SEP 1      3                        11     -8        0
  SINCE JUL 1      3                        11     -8        0

 COOLING
  YESTERDAY        0                         5     -5        9
  MONTH TO DATE  298                       260     38      285
  SINCE SEP 1    298                       260     38      285
  SINCE JAN 1   2097                      1920    177     1898
...................................................................


WIND (MPH)
  HIGHEST WIND SPEED    16   HIGHEST WIND DIRECTION     N (10)
  HIGHEST GUST SPEED    20   HIGHEST GUST DIRECTION     N (20)
  AVERAGE WIND SPEED     9.5


SKY COVER
  AVERAGE SKY COVER 0.0


WEATHER CONDITIONS
THE FOLLOWING WEATHER WAS RECORDED YESTERDAY.
  NO SIGNIFICANT WEATHER WAS OBSERVED.


RELATIVE HUMIDITY (PERCENT)
 HIGHEST    79           600 AM
 LOWEST     28           300 PM
 AVERAGE    54

..........................................................


THE JONESBORO CLIMATE NORMALS FOR TODAY
                         NORMAL    RECORD    YEAR
 MAXIMUM TEMPERATURE (F)   80        96      2019
 MINIMUM TEMPERATURE (F)   57        35      1924


SUNRISE AND SUNSET
OCTOBER  1 2022.......SUNRISE   658 AM CDT   SUNSET   646 PM CDT
OCTOBER  2 2022.......SUNRISE   658 AM CDT   SUNSET   645 PM CDT


-  INDICATES NEGATIVE NUMBERS.
R  INDICATES RECORD WAS SET OR TIED.
MM INDICATES DATA IS MISSING.
T  INDICATES TRACE AMOUNT.




$$
