000
CDUS45 KGGW 261233
CLIJDN

CLIMATE REPORT
NATIONAL WEATHER SERVICE GLASGOW, MT
633 AM MDT MON SEP 26 2022

...................................

...THE JORDAN  ASOS MT CLIMATE SUMMARY FOR SEPTEMBER 26 2022...
VALID AS OF 0600 AM LOCAL TIME.

CLIMATE NORMAL PERIOD: 1991 TO 2020
CLIMATE RECORD PERIOD: 9999 TO 9999


WEATHER ITEM   OBSERVED RECORD YEAR NORMAL DEPARTURE LAST
                VALUE   VALUE       VALUE  FROM      YEAR
                                           NORMAL
............................................................
TEMPERATURE (F)
 TODAY
  MAXIMUM         47     MM      MM  70    -23       91
  MINIMUM         40     MM      MM  39      1       50
  AVERAGE         44                 54    -10       71

PRECIPITATION (IN)
  TODAY            0.00  MM      MM   0.04  -0.04     0.00
  MONTH TO DATE    0.49               1.02  -0.53     0.05
  SINCE SEP 1      0.49               1.02  -0.53     0.05
  SINCE OCT 1     10.74              12.80  -2.06     7.99
  SINCE JAN 1      8.96              10.88  -1.92     7.12

SNOWFALL (IN)
  TODAY           MM     MM      MM  MM              MM

DEGREE DAYS
 HEATING
  TODAY           21                 11     10
  SINCE SEP 1    110                180    -70
  SINCE JUL 1    115                233   -118

 COOLING
  TODAY            0                  0      0        6
  MONTH TO DATE   95                 30     65       37
  SINCE SEP 1     95                 30     65       37
  SINCE JAN 1    884                487    397      903
............................................................


WIND (MPH)
  HIGHEST WIND SPEED     8   HIGHEST WIND DIRECTION     W (260)
  HIGHEST GUST SPEED    MM   HIGHEST GUST DIRECTION    MM
  AVERAGE WIND SPEED     3.3


SKY COVER
  POSSIBLE SUNSHINE  MM
  AVERAGE SKY COVER 0.0


WEATHER CONDITIONS
THE FOLLOWING WEATHER WAS RECORDED TODAY.
  NO SIGNIFICANT WEATHER WAS OBSERVED.


RELATIVE HUMIDITY (PERCENT)
 HIGHEST    76
 LOWEST     51
 AVERAGE    64

..........................................................


THE JORDAN  ASOS MT CLIMATE NORMALS FOR TOMORROW
                         NORMAL    RECORD    YEAR
 MAXIMUM TEMPERATURE (F)   69        MM        MM
 MINIMUM TEMPERATURE (F)   38        MM        MM


SUNRISE AND SUNSET
SEPTEMBER 26 2022.....SUNRISE   7:00 AM MDT   SUNSET   6:57 PM MDT
SEPTEMBER 27 2022.....SUNRISE   7:01 AM MDT   SUNSET   6:55 PM MDT


-  INDICATES NEGATIVE NUMBERS.
R  INDICATES RECORD WAS SET OR TIED.
MM INDICATES DATA IS MISSING.
T  INDICATES TRACE AMOUNT.




$$
