000
CDUS45 KBOI 260936
CLIJER

CLIMATE REPORT
NATIONAL WEATHER SERVICE BOISE ID
336 AM MDT MON SEP 26 2022

...................................

...THE JEROME ID CLIMATE SUMMARY FOR SEPTEMBER 25 2022...

CLIMATE NORMAL PERIOD 1991 TO 2020
CLIMATE RECORD PERIOD 1915 TO 2022


WEATHER ITEM   OBSERVED TIME   RECORD YEAR NORMAL DEPARTURE LAST
                VALUE   (LST)  VALUE       VALUE  FROM      YEAR
                                                  NORMAL
...................................................................
TEMPERATURE (F)
 YESTERDAY
  MAXIMUM         81    443 PM  93    2015  73      8       85
  MINIMUM         45    523 AM  21    1926  46     -1       49
  AVERAGE         63                        60      3       67

PRECIPITATION (IN)
  YESTERDAY        0.00          0.47 1915   0.02  -0.02     0.00
  MONTH TO DATE    0.07                      0.25  -0.18     0.53
  SINCE OCT 1      8.56                      9.82  -1.26     4.81
  SINCE JAN 1      4.27                      6.78  -2.51     2.79

DEGREE DAYS
 HEATING
  YESTERDAY        2                         6     -4        0
  MONTH TO DATE   41                        87    -46       54
  SINCE SEP 1     41                        87    -46       54
  SINCE JUL 1     41                       106    -65       71

 COOLING
  YESTERDAY        0                         1     -1        2
  MONTH TO DATE  101                        66     35       64
  SINCE SEP 1    101                        66     35       64
  SINCE JAN 1    998                       707    291      985
...................................................................


WIND (MPH)
  HIGHEST WIND SPEED    12   HIGHEST WIND DIRECTION     E (100)
  HIGHEST GUST SPEED    14   HIGHEST GUST DIRECTION     E (100)
  AVERAGE WIND SPEED     5.4


SKY COVER
  AVERAGE SKY COVER 0.0


WEATHER CONDITIONS
THE FOLLOWING WEATHER WAS RECORDED YESTERDAY.
  NO SIGNIFICANT WEATHER WAS OBSERVED.


RELATIVE HUMIDITY (PERCENT)
 HIGHEST    56           500 AM
 LOWEST     17           300 PM
 AVERAGE    37

..........................................................


THE JEROME ID CLIMATE NORMALS FOR TODAY
                         NORMAL    RECORD    YEAR
 MAXIMUM TEMPERATURE (F)   73        91      1952
 MINIMUM TEMPERATURE (F)   46        23      1926


SUNRISE AND SUNSET
SEPTEMBER 26 2022.....SUNRISE   730 AM MDT   SUNSET   728 PM MDT
SEPTEMBER 27 2022.....SUNRISE   731 AM MDT   SUNSET   726 PM MDT


-  INDICATES NEGATIVE NUMBERS.
R  INDICATES RECORD WAS SET OR TIED.
MM INDICATES DATA IS MISSING.
T  INDICATES TRACE AMOUNT.




$$
