000
CDUS41 KOKX 010617
CLIJFK

CLIMATE REPORT
NATIONAL WEATHER SERVICE NEW YORK, NY
217 AM EDT SAT OCT 01 2022

...................................

...THE KENNEDY NY CLIMATE SUMMARY FOR SEPTEMBER 30 2022...

CLIMATE NORMAL PERIOD 1991 TO 2020
CLIMATE RECORD PERIOD 1948 TO 2022


WEATHER ITEM   OBSERVED TIME   RECORD YEAR NORMAL DEPARTURE LAST
                VALUE   (LST)  VALUE       VALUE  FROM      YEAR
                                                  NORMAL
...................................................................
TEMPERATURE (F)
 YESTERDAY
  MAXIMUM         64    235 PM  84    1986  71     -7       67
  MINIMUM         54    717 AM  42    1951  56     -2       54
  AVERAGE         59                        63     -4       61

PRECIPITATION (IN)
  YESTERDAY        T             1.66 1983   0.14  -0.14     0.00
  MONTH TO DATE    1.85                      3.58  -1.73     4.55
  SINCE SEP 1      1.85                      3.58  -1.73     4.55
  SINCE JAN 1     24.56                     32.54  -7.98    36.73

SNOWFALL (IN)
  YESTERDAY        0.0          MM      MM   0.0    0.0      0.0
  MONTH TO DATE    0.0                       0.0    0.0      0.0
  SINCE SEP 1      0.0                       0.0    0.0      0.0
  SINCE JUL 1      0.0                       0.0    0.0      0.0
  SNOW DEPTH       0

DEGREE DAYS
 HEATING
  YESTERDAY        6                         3      3        4
  MONTH TO DATE   20                        31    -11        6
  SINCE SEP 1     20                        31    -11        6
  SINCE JUL 1     20                        32    -12        7

 COOLING
  YESTERDAY        0                         2     -2        0
  MONTH TO DATE  188                       135     53      187
  SINCE SEP 1    188                       135     53      187
  SINCE JAN 1   1292                      1001    291     1161
...................................................................


WIND (MPH)
  HIGHEST WIND SPEED    16   HIGHEST WIND DIRECTION     E (70)
  HIGHEST GUST SPEED    21   HIGHEST GUST DIRECTION     E (70)
  AVERAGE WIND SPEED    11.1


SKY COVER
  POSSIBLE SUNSHINE  MM
  AVERAGE SKY COVER 0.9


WEATHER CONDITIONS
THE FOLLOWING WEATHER WAS RECORDED YESTERDAY.
  LIGHT RAIN


RELATIVE HUMIDITY (PERCENT)
 HIGHEST    74           500 AM
 LOWEST     54           200 PM
 AVERAGE    64

..........................................................


THE KENNEDY NY CLIMATE NORMALS FOR TODAY
                         NORMAL    RECORD    YEAR
 MAXIMUM TEMPERATURE (F)   70        85      1986
 MINIMUM TEMPERATURE (F)   56        41      1992


SUNRISE AND SUNSET
OCTOBER  1 2022.......SUNRISE   652 AM EDT   SUNSET   637 PM EDT
OCTOBER  2 2022.......SUNRISE   653 AM EDT   SUNSET   636 PM EDT


-  INDICATES NEGATIVE NUMBERS.
R  INDICATES RECORD WAS SET OR TIED.
MM INDICATES DATA IS MISSING.
T  INDICATES TRACE AMOUNT.




$$
