000
CDUS43 KJKL 010527
CLIJKL

CLIMATE REPORT
NATIONAL WEATHER SERVICE JACKSON KY
127 AM EDT SAT OCT 01 2022

...................................

...THE JACKSON KY CLIMATE SUMMARY FOR SEPTEMBER 30 2022...

CLIMATE NORMAL PERIOD 1991 TO 2020
CLIMATE RECORD PERIOD 1981 TO 2022


WEATHER ITEM   OBSERVED TIME   RECORD YEAR NORMAL DEPARTURE LAST
                VALUE   (LST)  VALUE       VALUE  FROM      YEAR
                                                  NORMAL
...................................................................
TEMPERATURE (F)
 YESTERDAY
  MAXIMUM         64    333 PM  94    2019  74    -10       78
  MINIMUM         45    541 AM  36    2003  54     -9       60
  AVERAGE         55                        64     -9       69

PRECIPITATION (IN)
  YESTERDAY        0.00          0.60 1989   0.12  -0.12     0.00
  MONTH TO DATE    1.31                      3.42  -2.11     2.39
  SINCE SEP 1      1.31                      3.42  -2.11     2.39
  SINCE JAN 1     48.89                     40.47   8.42    45.24

SNOWFALL (IN)
  YESTERDAY        0.0                       0.0    0.0      0.0
  MONTH TO DATE    0.0                       0.0    0.0      0.0
  SINCE SEP 1      0.0                       0.0    0.0      0.0
  SINCE JUL 1      0.0                       0.0    0.0      0.0
  SNOW DEPTH       0

DEGREE DAYS
 HEATING
  YESTERDAY       10                         4      6        0
  MONTH TO DATE   48                        39      9       24
  SINCE SEP 1     48                        39      9       24
  SINCE JUL 1     48                        40      8       24

 COOLING
  YESTERDAY        0                         3     -3        4
  MONTH TO DATE  153                       161     -8      170
  SINCE SEP 1    153                       161     -8      170
  SINCE JAN 1   1367                      1195    172     1292
...................................................................

WIND (MPH)
  HIGHEST WIND SPEED     5   HIGHEST WIND DIRECTION     N (20)
  HIGHEST GUST SPEED     9   HIGHEST GUST DIRECTION    NE (30)
  AVERAGE WIND SPEED     0.0

SKY COVER
  POSSIBLE SUNSHINE  MM
  AVERAGE SKY COVER 0.2

WEATHER CONDITIONS
THE FOLLOWING WEATHER WAS RECORDED YESTERDAY.
  FOG

RELATIVE HUMIDITY (PERCENT)
 HIGHEST    96           700 AM
 LOWEST     54           300 PM
 AVERAGE    75

..........................................................

THE JACKSON KY CLIMATE NORMALS FOR TODAY
                         NORMAL    RECORD    YEAR
 MAXIMUM TEMPERATURE (F)   74        97      2019
 MINIMUM TEMPERATURE (F)   54        40      1992
                                             1993
                                             2011

SUNRISE AND SUNSET
OCTOBER  1 2022.......SUNRISE   729 AM EDT   SUNSET   716 PM EDT
OCTOBER  2 2022.......SUNRISE   730 AM EDT   SUNSET   715 PM EDT

-  INDICATES NEGATIVE NUMBERS.
R  INDICATES RECORD WAS SET OR TIED.
MM INDICATES DATA IS MISSING.
T  INDICATES TRACE AMOUNT.

$$
