000
CDUS43 KSGF 010621
CLIJLN

CLIMATE REPORT
NATIONAL WEATHER SERVICE
121 AM CDT SAT OCT 01 2022

...................................

...THE JOPLIN MO CLIMATE SUMMARY FOR SEPTEMBER 30 2022...

CLIMATE NORMAL PERIOD: 1991 TO 2020
CLIMATE RECORD PERIOD: 1902 TO 2022


WEATHER ITEM   OBSERVED TIME   RECORD YEAR NORMAL DEPARTURE LAST
                VALUE   (LST)  VALUE       VALUE  FROM      YEAR
                                                  NORMAL
...................................................................
TEMPERATURE (F)
 YESTERDAY
  MAXIMUM         79   3:41 PM  93    1952  77      2       85
                                      1979
  MINIMUM         42   6:16 AM  30    1984  54    -12       65
  AVERAGE         61

PRECIPITATION (IN)
  YESTERDAY        0.00          7.12 1986   0.12  -0.12     0.18
  MONTH TO DATE    0.41                      4.18  -3.77     3.08
  SINCE SEP 1      0.41                      4.18  -3.77     3.08
  SINCE JAN 1     34.41                     35.85  -1.44    35.27

DEGREE DAYS
 HEATING
  YESTERDAY        4                         3               0
  MONTH TO DATE    8                        34               7
  SINCE SEP 1      8                        34               7
  SINCE JUL 1      8                        35               7

 COOLING
  YESTERDAY        0                         4              10
  MONTH TO DATE  276                       207             326
  SINCE SEP 1    276                       207             326
  SINCE JAN 1   2048                      1596            1724
...................................................................


WIND (MPH)
  RESULTANT WIND SPEED   5   RESULTANT WIND DIRECTION   E (110)
  HIGHEST WIND SPEED    13   HIGHEST WIND DIRECTION     E (100)
  HIGHEST GUST SPEED    17   HIGHEST GUST DIRECTION     E (110)
  AVERAGE WIND SPEED     5.3


SKY COVER
  AVERAGE SKY COVER 0.0


WEATHER CONDITIONS
THE FOLLOWING WEATHER WAS RECORDED YESTERDAY.
  HAZE


RELATIVE HUMIDITY (PERCENT)
 HIGHEST    89
 LOWEST     19
 AVERAGE    54

..........................................................


THE JOPLIN MO CLIMATE NORMALS FOR TODAY
                         NORMAL    RECORD    YEAR
 MAXIMUM TEMPERATURE (F)   76        94      1953
 MINIMUM TEMPERATURE (F)   53        32      1985


SUNRISE AND SUNSET
OCTOBER  1 2022.......SUNRISE   7:13 AM CDT   SUNSET   7:01 PM CDT
OCTOBER  2 2022.......SUNRISE   7:14 AM CDT   SUNSET   7:00 PM CDT


-  INDICATES NEGATIVE NUMBERS.
R  INDICATES RECORD WAS SET OR TIED.
MM INDICATES DATA IS MISSING.
T  INDICATES TRACE AMOUNT.




$$
