000
CDUS43 KBIS 060031
CLIJMS

CLIMATE REPORT
NATIONAL WEATHER SERVICE BISMARCK, ND
731 PM CDT WED OCT 05 2022

...................................

...THE JAMESTOWN ND CLIMATE SUMMARY FOR OCTOBER 5 2022...
VALID TODAY AS OF 0500 PM LOCAL TIME.

CLIMATE NORMAL PERIOD: 1991 TO 2020
CLIMATE RECORD PERIOD: 1891 TO 2022


WEATHER ITEM   OBSERVED TIME   RECORD YEAR NORMAL DEPARTURE LAST
                VALUE   (LST)  VALUE       VALUE  FROM      YEAR
                                                  NORMAL
...................................................................
TEMPERATURE (F)
 TODAY
  MAXIMUM         78   3:11 PM  92    1970  61     17       82
  MINIMUM         46   3:33 AM  14    1935  38      8       48
  AVERAGE         62                        50     12       65

PRECIPITATION (IN)
  TODAY            0.00          1.07 1995   0.07  -0.07     0.00
  MONTH TO DATE    0.08                      0.34  -0.26     0.08
  SINCE SEP 1      0.76                      2.40  -1.64     2.55
  SINCE JAN 1     15.60                     17.64  -2.04     9.41

DEGREE DAYS
 HEATING
  TODAY            3                        16    -13        0
  MONTH TO DATE   16                        74    -58       17
  SINCE SEP 1    171                       305   -134      111
  SINCE JUL 1    184                       370   -186      122

 COOLING
  TODAY            0                         0      0        0
  MONTH TO DATE    0                         0      0        0
  SINCE SEP 1     33                        33      0       42
  SINCE JAN 1    566                       419    147      795
...................................................................


WIND (MPH)
  RESULTANT WIND SPEED   8   RESULTANT WIND DIRECTION   W (280)
  HIGHEST WIND SPEED    20   HIGHEST WIND DIRECTION    NW (320)
  HIGHEST GUST SPEED    27   HIGHEST GUST DIRECTION    NW (320)
  AVERAGE WIND SPEED     8.1


SKY COVER
  POSSIBLE SUNSHINE  MM
  AVERAGE SKY COVER 0.2


WEATHER CONDITIONS
THE FOLLOWING WEATHER WAS RECORDED TODAY.
  FOG


RELATIVE HUMIDITY (PERCENT)
 HIGHEST    97           1:00 AM
 LOWEST     39           3:00 PM
 AVERAGE    68

..........................................................


THE JAMESTOWN ND CLIMATE NORMALS FOR TOMORROW
                         NORMAL    RECORD    YEAR
 MAXIMUM TEMPERATURE (F)   61        93      1905
 MINIMUM TEMPERATURE (F)   37        17      1954


SUNRISE AND SUNSET
OCTOBER  5 2022.......SUNRISE   7:39 AM CDT   SUNSET   7:06 PM CDT
OCTOBER  6 2022.......SUNRISE   7:40 AM CDT   SUNSET   7:04 PM CDT


-  INDICATES NEGATIVE NUMBERS.
R  INDICATES RECORD WAS SET OR TIED.
MM INDICATES DATA IS MISSING.
T  INDICATES TRACE AMOUNT.




$$
