000
CXUS52 TJSJ 290507
CLIJNR

CLIMATE REPORT
NATIONAL WEATHER SERVICE SAN JUAN PR
107 AM AST THU SEP 29 2022

...................................

...THE CEIBA/ROOSEVELT RDS   PR CLIMATE SUMMARY FOR SEPTEMBER 28 2022...

CLIMATE NORMAL PERIOD: 1981 TO 2010
CLIMATE RECORD PERIOD: 9999 TO 9999


WEATHER ITEM   OBSERVED TIME   NORMAL DEPARTURE LAST
                VALUE   (LST)  VALUE  FROM      YEAR
                                      NORMAL
.......................................................
TEMPERATURE (F)
 YESTERDAY
  MAXIMUM         88   2:14 PM  89     -1       90
  MINIMUM         75  11:59 PM  77     -2       76
  AVERAGE         82            83     -1       83

PRECIPITATION (IN)
  YESTERDAY        T             0.22  -0.22     0.00
  MONTH TO DATE   12.81          5.88   6.93     2.92
  SINCE SEP 1     12.81          5.88   6.93     2.92
  SINCE JAN 1     36.29         35.08   1.21    38.56

.......................................................


WIND (MPH)
  HIGHEST WIND SPEED    14   HIGHEST WIND DIRECTION    SE (120)
  HIGHEST GUST SPEED    28   HIGHEST GUST DIRECTION     E (90)
  AVERAGE WIND SPEED     7.0


SKY COVER
  AVERAGE SKY COVER 0.3


WEATHER CONDITIONS
THE FOLLOWING WEATHER WAS RECORDED YESTERDAY.
  LIGHT RAIN
  HAZE


RELATIVE HUMIDITY (PERCENT)
 HIGHEST    85
 LOWEST     59
 AVERAGE    72

..........................................................


THE CEIBA/ROOSEVELT RDS   PR CLIMATE NORMALS FOR TODAY
                         NORMAL




SUNRISE AND SUNSET
SEPTEMBER 29 2022.....SUNRISE   6:13 AM AST   SUNSET   6:13 PM AST
SEPTEMBER 30 2022.....SUNRISE   6:13 AM AST   SUNSET   6:12 PM AST


-  INDICATES NEGATIVE NUMBERS.
R  INDICATES RECORD WAS SET OR TIED.
MM INDICATES DATA IS MISSING.
T  INDICATES TRACE AMOUNT.




$$
