000
CDAK47 PAJK 061250
CLIJNU
NATIONAL WEATHER SERVICE JUNEAU AK
231 AM AKDT THU OCT 06 2022

...................................

...THE JUNEAU CLIMATE SUMMARY FOR OCTOBER 5 2022...

CLIMATE NORMAL PERIOD: 1991 TO 2020
CLIMATE RECORD PERIOD: 1936 TO 2022


WEATHER ITEM   OBSERVED RECORD YEAR NORMAL DEPARTURE LAST
                VALUE   VALUE       VALUE  FROM      YEAR
                                           NORMAL
............................................................
TEMPERATURE (F)
 YESTERDAY
  MAXIMUM         60R    60    1967  51      9       49
  MINIMUM         47     22    1954  40      7       28
  AVERAGE         54                 46      8       39

PRECIPITATION (IN)
  YESTERDAY        0.07   2.12 1972   0.30  -0.23     0.00
  MONTH TO DATE    1.28               1.50  -0.22     2.82
  SINCE JAN 1     66.77              47.00  19.77    60.21

DEGREE DAYS
 HEATING
  YESTERDAY       11                 19     -8       26
  MONTH TO DATE   81                 93    -12      113
  SINCE SEP 1    466                540    -74      538
............................................................


WIND (MPH)
  HIGHEST WIND SPEED    18   HIGHEST WIND DIRECTION     E (100)
  HIGHEST GUST SPEED    22   HIGHEST GUST DIRECTION     E (110)
  AVERAGE WIND SPEED     5.0


SKY COVER
  AVERAGE SKY COVER 1.0


WEATHER CONDITIONS
THE FOLLOWING WEATHER WAS RECORDED YESTERDAY.
  LIGHT RAIN
  FOG

..........................................................


THE JUNEAU CLIMATE NORMALS FOR TODAY
                         NORMAL    RECORD    YEAR
 MAXIMUM TEMPERATURE (F)   51        60      1964
 MINIMUM TEMPERATURE (F)   40        24      1957


SUNRISE AND SUNSET
OCTOBER  6 2022.......SUNRISE   7:14 AM AKDT  SUNSET   6:17 PM AKDT
OCTOBER  7 2022.......SUNRISE   7:17 AM AKDT  SUNSET   6:14 PM AKDT


-  INDICATES NEGATIVE NUMBERS.
R  INDICATES RECORD WAS SET OR TIED.
MM INDICATES DATA IS MISSING.
T  INDICATES TRACE AMOUNT.




$$

--------------------------------------------------------------

AMOUNT OF DAYLIGHT TODAY (HOUR:MIN)......... 11 HOURS 03 MINUTES
GAIN/LOSS SINCE YESTERDAY (HOUR:MIN:SEC).... -0:05:02

$$
