000
CDUS41 KCTP 060640
CLIJST

CLIMATE REPORT
NATIONAL WEATHER SERVICE STATE COLLEGE PA
240 AM EDT THU OCT 06 2022

...................................

...THE JOHNSTOWN CLIMATE SUMMARY FOR OCTOBER 5 2022...

CLIMATE NORMAL PERIOD 1991 TO 2020
CLIMATE RECORD PERIOD 1892 TO 2022


WEATHER ITEM   OBSERVED TIME   RECORD YEAR NORMAL DEPARTURE LAST
                VALUE   (LST)  VALUE       VALUE  FROM      YEAR
                                                  NORMAL
...................................................................
TEMPERATURE (F)
 YESTERDAY
  MAXIMUM         64    255 PM  88    1922  64      0       74
  MINIMUM         44    157 AM  28    1943  46     -2       57
  AVERAGE         54                        55     -1       66

PRECIPITATION (IN)
  YESTERDAY        0.00          1.33 1903   0.11  -0.11      T
  MONTH TO DATE    0.96                      0.52   0.44     0.21
  SINCE SEP 1      4.92                      4.51   0.41     8.17
  SINCE JAN 1     35.65                     32.93   2.72    35.28

DEGREE DAYS
 HEATING
  YESTERDAY       11                        10      1        0
  MONTH TO DATE   80                        49     31       20
  SINCE SEP 1    216                       196     20      114
  SINCE JUL 1    224                       233     -9      125

 COOLING
  YESTERDAY        0                         0      0        1
  MONTH TO DATE    0                         2     -2        3
  SINCE SEP 1     40                        47     -7       49
  SINCE JAN 1    542                       475     67      632
...................................................................


WIND (MPH)
  HIGHEST WIND SPEED    15   HIGHEST WIND DIRECTION    NW (310)
  HIGHEST GUST SPEED    18   HIGHEST GUST DIRECTION    NW (310)
  AVERAGE WIND SPEED     7.3


SKY COVER
  POSSIBLE SUNSHINE  MM
  AVERAGE SKY COVER 0.5


WEATHER CONDITIONS
THE FOLLOWING WEATHER WAS RECORDED YESTERDAY.
  NO SIGNIFICANT WEATHER WAS OBSERVED.


RELATIVE HUMIDITY (PERCENT)
 HIGHEST    83           400 AM
 LOWEST     44           500 PM
 AVERAGE    64

..........................................................


THE JOHNSTOWN CLIMATE NORMALS FOR TODAY
                         NORMAL    RECORD    YEAR
 MAXIMUM TEMPERATURE (F)   63        90      1951
 MINIMUM TEMPERATURE (F)   46        28      1943


SUNRISE AND SUNSET
OCTOBER  6 2022.......SUNRISE   717 AM EDT   SUNSET   649 PM EDT
OCTOBER  7 2022.......SUNRISE   718 AM EDT   SUNSET   648 PM EDT


-  INDICATES NEGATIVE NUMBERS.
R  INDICATES RECORD WAS SET OR TIED.
MM INDICATES DATA IS MISSING.
T  INDICATES TRACE AMOUNT.




$$
