000
CDUS43 KGRR 060526
CLIJXN

CLIMATE REPORT
NATIONAL WEATHER SERVICE GRAND RAPIDS, MICHIGAN
126 AM EDT THU OCT 06 2022

...................................

...THE JACKSON CLIMATE SUMMARY FOR OCTOBER 5 2022...

CLIMATE NORMAL PERIOD: 1991 TO 2020
CLIMATE RECORD PERIOD: 1944 TO 2022


WEATHER ITEM   OBSERVED TIME   NORMAL DEPARTURE LAST
                VALUE   (LST)  VALUE  FROM      YEAR
                                      NORMAL
.......................................................
TEMPERATURE (F)
 YESTERDAY
  MAXIMUM         74   3:13 PM  66      8       67
  MINIMUM         38   4:45 AM  45     -7       58
  AVERAGE         56            55      1       63

PRECIPITATION (IN)
  YESTERDAY        0.00          0.09  -0.09     0.07
  MONTH TO DATE    0.00          0.48  -0.48     1.83
  SINCE SEP 1      1.04          3.46  -2.42     5.72
  SINCE JAN 1     23.35         25.66  -2.31    25.81

DEGREE DAYS
 HEATING
  YESTERDAY        9            10     -1        2
  MONTH TO DATE   58            48     10        5
  SINCE SEP 1    176           182     -6       73
  SINCE JUL 1    186           209    -23       75

 COOLING
  YESTERDAY        0             0      0        0
  MONTH TO DATE    0             4     -4        8
  SINCE SEP 1     68            67      1       97
  SINCE JAN 1    668           631     37      853
.......................................................


WIND (MPH)
  RESULTANT WIND SPEED   2   RESULTANT WIND DIRECTION  SW (220)
  HIGHEST WIND SPEED    12   HIGHEST WIND DIRECTION    SW (240)
  HIGHEST GUST SPEED    15   HIGHEST GUST DIRECTION    SW (240)
  AVERAGE WIND SPEED     3.1


SKY COVER
  AVERAGE SKY COVER 0.0


WEATHER CONDITIONS
THE FOLLOWING WEATHER WAS RECORDED YESTERDAY.
  FOG


RELATIVE HUMIDITY (PERCENT)
 HIGHEST   100           5:00 AM
 LOWEST     30          12:00 PM
 AVERAGE    65

..........................................................


THE JACKSON CLIMATE NORMALS FOR TODAY
                         NORMAL    RECORD    YEAR
 MAXIMUM TEMPERATURE (F)   65        MM        MM
 MINIMUM TEMPERATURE (F)   44        MM        MM


SUNRISE AND SUNSET
OCTOBER  6 2022.......SUNRISE   7:40 AM EDT   SUNSET   7:11 PM EDT
OCTOBER  7 2022.......SUNRISE   7:42 AM EDT   SUNSET   7:09 PM EDT


-  INDICATES NEGATIVE NUMBERS.
R  INDICATES RECORD WAS SET OR TIED.
MM INDICATES DATA IS MISSING.
T  INDICATES TRACE AMOUNT.




$$
