000
CDAK47 PAJK 021250
CLIKTN
NATIONAL WEATHER SERVICE JUNEAU AK
351 AM AKDT SUN OCT 02 2022

...................................

...THE KETCHIKAN  CLIMATE SUMMARY FOR OCTOBER 1 2022...

CLIMATE NORMAL PERIOD: 1991 TO 2020
CLIMATE RECORD PERIOD: 1910 TO 2022


WEATHER ITEM   OBSERVED RECORD YEAR NORMAL DEPARTURE LAST
                VALUE   VALUE       VALUE  FROM      YEAR
                                           NORMAL
............................................................
TEMPERATURE (F)
 YESTERDAY
  MAXIMUM         57     72    1923  55      2       51
  MINIMUM         45     30    1996  45      0       45
  AVERAGE         51                 50      1       48

PRECIPITATION (IN)
  YESTERDAY        1.05   6.94 1974   0.53   0.52     3.74
  MONTH TO DATE    1.05               0.53   0.52     3.74
  SINCE JAN 1    112.20              98.36  13.84   109.25

DEGREE DAYS
 HEATING
  YESTERDAY       14                 15     -1       17
  MONTH TO DATE   14                 15     -1       17
  SINCE SEP 1    282                357    -75      385
............................................................


WIND (MPH)
  HIGHEST WIND SPEED    23   HIGHEST WIND DIRECTION    SE (130)
  HIGHEST GUST SPEED    37   HIGHEST GUST DIRECTION    SE (140)
  AVERAGE WIND SPEED    11.5


SKY COVER
  AVERAGE SKY COVER 0.7


WEATHER CONDITIONS
THE FOLLOWING WEATHER WAS RECORDED YESTERDAY.
  RAIN
  LIGHT RAIN
  FOG

..........................................................


THE KETCHIKAN  CLIMATE NORMALS FOR TODAY
                         NORMAL    RECORD    YEAR
 MAXIMUM TEMPERATURE (F)   55        67      1987
 MINIMUM TEMPERATURE (F)   45        30      2000


SUNRISE AND SUNSET
OCTOBER  2 2022.......SUNRISE   6:52 AM AKDT  SUNSET   6:19 PM AKDT
OCTOBER  3 2022.......SUNRISE   6:54 AM AKDT  SUNSET   6:17 PM AKDT


-  INDICATES NEGATIVE NUMBERS.
R  INDICATES RECORD WAS SET OR TIED.
MM INDICATES DATA IS MISSING.
T  INDICATES TRACE AMOUNT.




$$

--------------------------------------------------------------

AMOUNT OF DAYLIGHT TODAY (HOUR:MIN)......... 11 HOURS 27 MINUTES
GAIN/LOSS SINCE YESTERDAY (HOUR:MIN:SEC).... -0:04:30

$$
