000
CDAK47 PAJK 211250
CLIKTN
NATIONAL WEATHER SERVICE JUNEAU AK
344 AM AKDT THU SEP 21 2023

...................................

...THE KETCHIKAN  CLIMATE SUMMARY FOR SEPTEMBER 20 2023...

CLIMATE NORMAL PERIOD: 1991 TO 2020
CLIMATE RECORD PERIOD: 1910 TO 2023


WEATHER ITEM   OBSERVED RECORD YEAR NORMAL DEPARTURE LAST
                VALUE   VALUE       VALUE  FROM      YEAR
                                           NORMAL
............................................................
TEMPERATURE (F)
 YESTERDAY
  MAXIMUM         53     73    1976  58     -5       65
  MINIMUM         43     36    1996  48     -5       51
  AVERAGE         48                 53     -5       58

PRECIPITATION (IN)
  YESTERDAY        0.24   5.00 2011   0.47  -0.23     0.00
  MONTH TO DATE   14.23               9.43   4.80     8.60
  SINCE JAN 1    104.86              92.96  11.90   102.78

DEGREE DAYS
 HEATING
  YESTERDAY       17                 12      5        7
  MONTH TO DATE  186                207    -21      182
  SINCE SEP 1    186                207    -21      182
............................................................


WIND (MPH)
  HIGHEST WIND SPEED    15   HIGHEST WIND DIRECTION    SE (140)
  HIGHEST GUST SPEED    20   HIGHEST GUST DIRECTION    SE (140)
  AVERAGE WIND SPEED     7.4


SKY COVER
  AVERAGE SKY COVER 0.9


WEATHER CONDITIONS
THE FOLLOWING WEATHER WAS RECORDED YESTERDAY.
  LIGHT RAIN
  FOG
  FOG W/VISIBILITY <= 1/4 MILE

..........................................................


THE KETCHIKAN  CLIMATE NORMALS FOR TODAY
                         NORMAL    RECORD    YEAR
 MAXIMUM TEMPERATURE (F)   58        74      1995
 MINIMUM TEMPERATURE (F)   47        28      1926


SUNRISE AND SUNSET
SEPTEMBER 21 2023.....SUNRISE   6:30 AM AKDT  SUNSET   6:48 PM AKDT
SEPTEMBER 22 2023.....SUNRISE   6:32 AM AKDT  SUNSET   6:46 PM AKDT


-  INDICATES NEGATIVE NUMBERS.
R  INDICATES RECORD WAS SET OR TIED.
MM INDICATES DATA IS MISSING.
T  INDICATES TRACE AMOUNT.




$$

--------------------------------------------------------------

AMOUNT OF DAYLIGHT TODAY (HOUR:MIN)......... 12 HOURS 18 MINUTES
GAIN/LOSS SINCE YESTERDAY (HOUR:MIN:SEC).... -0:04:30

$$
