000
CDUS43 KIND 020532
CLILAF

CLIMATE REPORT
NATIONAL WEATHER SERVICE INDIANAPOLIS IN
132 AM EDT SUN OCT 02 2022

...................................

...THE LAFAYETTE IN CLIMATE SUMMARY FOR OCTOBER 1 2022...

CLIMATE NORMAL PERIOD 1991 TO 2020
CLIMATE RECORD PERIOD 9999 TO 9999


WEATHER ITEM   OBSERVED TIME   NORMAL DEPARTURE LAST
                VALUE   (LST)  VALUE  FROM      YEAR
                                      NORMAL
.......................................................
TEMPERATURE (F)
 YESTERDAY
  MAXIMUM         74    346 PM  72      2       83
  MINIMUM         44    628 AM  48     -4       54
  AVERAGE         59            60     -1       69

PRECIPITATION (IN)
  YESTERDAY        0.00          0.10  -0.10     0.00
  MONTH TO DATE    0.00          0.10  -0.10     0.00
  SINCE SEP 1      1.11          2.69  -1.58     2.75
  SINCE JAN 1     19.45         29.03  -9.58    29.33

DEGREE DAYS
 HEATING
  YESTERDAY        6             7     -1        0
  MONTH TO DATE    6             7     -1        0
  SINCE SEP 1     97            90      7       29
  SINCE JUL 1     97           100     -3       29

 COOLING
  YESTERDAY        0             1     -1        4
  MONTH TO DATE    0             1     -1        4
  SINCE SEP 1    129           101     28      175
  SINCE JAN 1   1103           868    235     1314
.......................................................


WIND (MPH)
  HIGHEST WIND SPEED    17   HIGHEST WIND DIRECTION    NE (50)
  HIGHEST GUST SPEED    23   HIGHEST GUST DIRECTION    NE (40)
  AVERAGE WIND SPEED     8.7


SKY COVER
  AVERAGE SKY COVER 0.0


WEATHER CONDITIONS
THE FOLLOWING WEATHER WAS RECORDED YESTERDAY.
  NO SIGNIFICANT WEATHER WAS OBSERVED.


RELATIVE HUMIDITY (PERCENT)
 HIGHEST    90           700 AM
 LOWEST     31           600 PM
 AVERAGE    61

..........................................................


THE LAFAYETTE IN CLIMATE NORMALS FOR TODAY
                         NORMAL    RECORD    YEAR
 MAXIMUM TEMPERATURE (F)   71        MM        MM
 MINIMUM TEMPERATURE (F)   48        MM        MM


SUNRISE AND SUNSET
OCTOBER  2 2022.......SUNRISE   745 AM EDT   SUNSET   728 PM EDT
OCTOBER  3 2022.......SUNRISE   746 AM EDT   SUNSET   727 PM EDT


-  INDICATES NEGATIVE NUMBERS.
R  INDICATES RECORD WAS SET OR TIED.
MM INDICATES DATA IS MISSING.
T  INDICATES TRACE AMOUNT.




$$
