000
CDUS43 KGRR 060526
CLILAN

CLIMATE REPORT
NATIONAL WEATHER SERVICE GRAND RAPIDS, MICHIGAN
126 AM EDT THU OCT 06 2022

...................................

...THE LANSING CLIMATE SUMMARY FOR OCTOBER 5 2022...

CLIMATE NORMAL PERIOD: 1991 TO 2020
CLIMATE RECORD PERIOD: 1864 TO 2022


WEATHER ITEM   OBSERVED TIME   RECORD YEAR NORMAL DEPARTURE LAST
                VALUE   (LST)  VALUE       VALUE  FROM      YEAR
                                                  NORMAL
...................................................................
TEMPERATURE (F)
 YESTERDAY
  MAXIMUM         76   3:30 PM  87    1900  66     10       70
                                      1922
  MINIMUM         44   6:53 AM  24    2003  45     -1       56
  AVERAGE         60                        55      5       63

PRECIPITATION (IN)
  YESTERDAY        0.00          1.72 1941   0.10  -0.10     0.00
  MONTH TO DATE    0.00                      0.52  -0.52     0.71
  SINCE SEP 1      2.17                      3.33  -1.16     4.22
  SINCE JAN 1     27.64                     26.33   1.31    26.53

SNOWFALL (IN)
  YESTERDAY        0.0           T    1935   0.0    0.0      0.0
  MONTH TO DATE    0.0                       0.0    0.0      0.0
  SINCE SEP 1      0.0                       0.0    0.0      0.0
  SINCE JUL 1      0.0                       0.0    0.0      0.0
  SNOW DEPTH       0

DEGREE DAYS
 HEATING
  YESTERDAY        5                        11     -6        2
  MONTH TO DATE   48                        50     -2        2
  SINCE SEP 1    156                       190    -34       57
  SINCE JUL 1    160                       220    -60       57

 COOLING
  YESTERDAY        0                         0      0        0
  MONTH TO DATE    0                         4     -4        9
  SINCE SEP 1     92                        70     22       86
  SINCE JAN 1    915                       653    262      947
...................................................................


WIND (MPH)
  RESULTANT WIND SPEED   2   RESULTANT WIND DIRECTION   W (250)
  HIGHEST WIND SPEED    12   HIGHEST WIND DIRECTION     W (250)
  HIGHEST GUST SPEED    16   HIGHEST GUST DIRECTION     W (270)
  AVERAGE WIND SPEED     2.7


SKY COVER
  AVERAGE SKY COVER 0.1


WEATHER CONDITIONS
THE FOLLOWING WEATHER WAS RECORDED YESTERDAY.
  FOG
  HAZE


RELATIVE HUMIDITY (PERCENT)
 HIGHEST    93           7:00 AM
 LOWEST     30           4:00 PM
 AVERAGE    62

..........................................................


THE LANSING CLIMATE NORMALS FOR TODAY
                         NORMAL    RECORD    YEAR
 MAXIMUM TEMPERATURE (F)   65        89      1963
 MINIMUM TEMPERATURE (F)   44        22      1873


SUNRISE AND SUNSET
OCTOBER  6 2022.......SUNRISE   7:41 AM EDT   SUNSET   7:11 PM EDT
OCTOBER  7 2022.......SUNRISE   7:42 AM EDT   SUNSET   7:09 PM EDT


-  INDICATES NEGATIVE NUMBERS.
R  INDICATES RECORD WAS SET OR TIED.
MM INDICATES DATA IS MISSING.
T  INDICATES TRACE AMOUNT.




$$
