000
CDUS45 KCYS 060734
CLILAR

CLIMATE REPORT
NATIONAL WEATHER SERVICE CHEYENNE WY
134 AM MDT THU OCT 06 2022

...................................

...THE LARAMIE WYOMING AIRPORT CLIMATE SUMMARY FOR OCTOBER 5 2022...

CLIMATE NORMAL PERIOD 1991 TO 2020
CLIMATE RECORD PERIOD 1948 TO 2022


WEATHER ITEM   OBSERVED TIME   RECORD YEAR NORMAL DEPARTURE LAST
                VALUE   (LST)  VALUE       VALUE  FROM      YEAR
                                                  NORMAL
...................................................................
TEMPERATURE (F)
 YESTERDAY
  MAXIMUM         62    334 PM  77    1958  61      1       75
  MINIMUM         29    606 AM  16    1991  32     -3       33
  AVERAGE         46                        46      0       54

PRECIPITATION (IN)
  YESTERDAY        0.00          1.34 1962   0.03  -0.03     0.00
  MONTH TO DATE    0.05                      0.16  -0.11     0.00
  SINCE SEP 1      0.62                      1.27  -0.65     0.72
  SINCE JAN 1      6.15                      9.11  -2.96     8.17

DEGREE DAYS
 HEATING
  YESTERDAY       19                        19      0       11
  MONTH TO DATE   77                        89    -12       74
  SINCE SEP 1    281                       410   -129      290
  SINCE JUL 1    322                       560   -238      364

 COOLING
  YESTERDAY        0                         0      0        0
  MONTH TO DATE    0                         0      0        0
  SINCE SEP 1     19                         2     17        1
  SINCE JAN 1    208                        85    123      159
...................................................................


WIND (MPH)
  HIGHEST WIND SPEED    13   HIGHEST WIND DIRECTION     S (180)
  HIGHEST GUST SPEED    14   HIGHEST GUST DIRECTION    NE (40)
  AVERAGE WIND SPEED     5.0


SKY COVER
  POSSIBLE SUNSHINE  MM
  AVERAGE SKY COVER 0.0


WEATHER CONDITIONS
THE FOLLOWING WEATHER WAS RECORDED YESTERDAY.
  NO SIGNIFICANT WEATHER WAS OBSERVED.


RELATIVE HUMIDITY (PERCENT)
 HIGHEST    89           300 AM
 LOWEST     26           400 PM
 AVERAGE    58

..........................................................


THE LARAMIE WYOMING AIRPORT CLIMATE NORMALS FOR TODAY
                         NORMAL    RECORD    YEAR
 MAXIMUM TEMPERATURE (F)   61        77      1975
 MINIMUM TEMPERATURE (F)   31        15      1952


SUNRISE AND SUNSET
OCTOBER  6 2022.......SUNRISE   705 AM MDT   SUNSET   636 PM MDT
OCTOBER  7 2022.......SUNRISE   706 AM MDT   SUNSET   634 PM MDT


-  INDICATES NEGATIVE NUMBERS.
R  INDICATES RECORD WAS SET OR TIED.
MM INDICATES DATA IS MISSING.
T  INDICATES TRACE AMOUNT.




$$
