000
CDUS45 KVEF 290821
CLILAS

CLIMATE REPORT
NATIONAL WEATHER SERVICE LAS VEGAS, NV
121 AM PDT THU SEP 29 2022

...................................

...THE LAS VEGAS NV CLIMATE SUMMARY FOR SEPTEMBER 28 2022...

CLIMATE NORMAL PERIOD: 1991 TO 2020
CLIMATE RECORD PERIOD: 1937 TO 2022


WEATHER ITEM   OBSERVED TIME   RECORD YEAR NORMAL DEPARTURE LAST
                VALUE   (LST)  VALUE       VALUE  FROM      YEAR
                                                  NORMAL
...................................................................
TEMPERATURE (F)
 YESTERDAY
  MAXIMUM         89   4:26 PM 103    1978  90     -1       87
                                      2010
  MINIMUM         72   7:25 AM  48    1971  67      5       73
  AVERAGE         81                        78      3       80

PRECIPITATION (IN)
  YESTERDAY        0.24          0.98 1951   0.01   0.23     0.00
  MONTH TO DATE    0.48                      0.31   0.17     0.12
  SINCE OCT 1      2.29                      4.17  -1.88     1.54
  SINCE JAN 1      1.93                      3.10  -1.17     1.50

SNOWFALL (IN)
  YESTERDAY        0.0           0.0    MM   0.0    0.0      0.0
  MONTH TO DATE    0.0                       0.0    0.0      0.0
  SINCE SEP 1      0.0                       0.0    0.0      0.0
  SINCE JUL 1      0.0                       0.0    0.0      0.0
  SNOW DEPTH       0

DEGREE DAYS
 HEATING
  YESTERDAY        0                         0      0        0
  MONTH TO DATE    0                         0      0        0
  SINCE SEP 1      0                         0      0        0
  SINCE JUL 1      0                         0      0        0

 COOLING
  YESTERDAY       16                        14      2       15
  MONTH TO DATE  609                       536     73      621
  SINCE SEP 1    609                       536     73      621
  SINCE JAN 1   3680                      3482    198     3913
...................................................................


WIND (MPH)
  RESULTANT WIND SPEED   3   RESULTANT WIND DIRECTION  NE (30)
  HIGHEST WIND SPEED    18   HIGHEST WIND DIRECTION     N (10)
  HIGHEST GUST SPEED    22   HIGHEST GUST DIRECTION     N (10)
  AVERAGE WIND SPEED     6.0


SKY COVER
  AVERAGE SKY COVER 0.6


WEATHER CONDITIONS
THE FOLLOWING WEATHER WAS RECORDED YESTERDAY.
  THUNDERSTORM
  LIGHT RAIN
  HAZE


RELATIVE HUMIDITY (PERCENT)
 HIGHEST    74           7:00 AM
 LOWEST     24          12:00 AM
 AVERAGE    49

..........................................................


THE LAS VEGAS NV CLIMATE NORMALS FOR TODAY
                         NORMAL    RECORD    YEAR
 MAXIMUM TEMPERATURE (F)   89       102      1978
 MINIMUM TEMPERATURE (F)   67        51      1940


SUNRISE AND SUNSET
SEPTEMBER 29 2022.....SUNRISE   6:34 AM PDT   SUNSET   6:27 PM PDT
SEPTEMBER 30 2022.....SUNRISE   6:35 AM PDT   SUNSET   6:26 PM PDT


-  INDICATES NEGATIVE NUMBERS.
R  INDICATES RECORD WAS SET OR TIED.
MM INDICATES DATA IS MISSING.
T  INDICATES TRACE AMOUNT.




$$
