000
CDUS44 KOUN 260627
CLILAW

CLIMATE REPORT
NATIONAL WEATHER SERVICE NORMAN OK
127 AM CDT MON SEP 26 2022

...................................

...THE LAWTON CLIMATE SUMMARY FOR SEPTEMBER 25 2022...

CLIMATE NORMAL PERIOD 1991 TO 2020
CLIMATE RECORD PERIOD 1912 TO 2022


WEATHER ITEM   OBSERVED TIME   RECORD YEAR NORMAL DEPARTURE LAST
                VALUE   (LST)  VALUE       VALUE  FROM      YEAR
                                                  NORMAL
...................................................................
TEMPERATURE (F)
 YESTERDAY
  MAXIMUM         94    200 PM 101    1939  84     10       92
  MINIMUM         62    628 AM  43    1975  59      3       53
                                      2000
                                      2001
  AVERAGE         78                        72      6       73

PRECIPITATION (IN)
  YESTERDAY        0.00          3.55 1955   0.09  -0.09     0.00
  MONTH TO DATE    0.05                      2.37  -2.32     0.12
  SINCE SEP 1      0.05                      2.37  -2.32     0.12
  SINCE JAN 1     17.43                     21.56  -4.13    21.63

DEGREE DAYS
 HEATING
  YESTERDAY        0                         1     -1        0
  MONTH TO DATE    0                         2     -2        0
  SINCE SEP 1      0                         2     -2        0
  SINCE JUL 1      0                         2     -2        0

 COOLING
  YESTERDAY       13                         7      6        8
  MONTH TO DATE  362                       281     81      323
  SINCE SEP 1    362                       281     81      323
  SINCE JAN 1   2706                      2197    509     2011
...................................................................


WIND (MPH)
  HIGHEST WIND SPEED    26   HIGHEST WIND DIRECTION     N (10)
  HIGHEST GUST SPEED    33   HIGHEST GUST DIRECTION     N (10)
  AVERAGE WIND SPEED    10.8


SKY COVER
  AVERAGE SKY COVER 0.0


WEATHER CONDITIONS
THE FOLLOWING WEATHER WAS RECORDED YESTERDAY.
  NO SIGNIFICANT WEATHER WAS OBSERVED.


RELATIVE HUMIDITY (PERCENT)
 HIGHEST    78
 LOWEST     19
 AVERAGE    49

..........................................................


THE LAWTON CLIMATE NORMALS FOR TODAY
                         NORMAL    RECORD    YEAR
 MAXIMUM TEMPERATURE (F)   84       102      1953
 MINIMUM TEMPERATURE (F)   59        35      1912


SUNRISE AND SUNSET
SEPTEMBER 26 2022.....SUNRISE   725 AM CDT   SUNSET   725 PM CDT
SEPTEMBER 27 2022.....SUNRISE   725 AM CDT   SUNSET   723 PM CDT


-  INDICATES NEGATIVE NUMBERS.
R  INDICATES RECORD WAS SET OR TIED.
MM INDICATES DATA IS MISSING.
T  INDICATES TRACE AMOUNT.




$$
