000
CDUS46 KLOX 260845
CLILAX

CLIMATE REPORT
NATIONAL WEATHER SERVICE LOS ANGELES/OXNARD
145 AM PDT MON SEP 26 2022

...................................

...THE LOS ANGELES INTL AIRPORT CA CLIMATE SUMMARY FOR SEPTEMBER 25 2022...

CLIMATE NORMAL PERIOD: 1991 TO 2020
CLIMATE RECORD PERIOD: 1944 TO 2022


WEATHER ITEM   OBSERVED TIME   RECORD YEAR NORMAL DEPARTURE LAST
                VALUE   (LST)  VALUE       VALUE  FROM      YEAR
                                                  NORMAL
...................................................................
TEMPERATURE (F)
 YESTERDAY
  MAXIMUM         78   2:02 PM 105    1978  76      2       69
  MINIMUM         68  11:59 PM  52    1948  63      5       61
  AVERAGE         73                        69      4       65

PRECIPITATION (IN)
  YESTERDAY        0.00          0.27 1997   0.00   0.00     0.00
  MONTH TO DATE    0.13                      0.08   0.05      T
  SINCE JUL 1      0.13                      0.12   0.01     0.14
  SINCE OCT 1     10.30                     12.20  -1.90     5.14
  SINCE JAN 1      1.60                      8.66  -7.06     3.39

SNOWFALL (IN)
  YESTERDAY       MM
  MONTH TO DATE   MM
  SINCE SEP 1     MM
  SINCE JUL 1     MM

DEGREE DAYS
 HEATING
  YESTERDAY        0                         0      0        0
  MONTH TO DATE    0                         0      0        1
  SINCE SEP 1      0                         0      0        1
  SINCE JUL 1      0                         3     -3        1

 COOLING
  YESTERDAY        8                         4      4        0
  MONTH TO DATE  293                       135    158      100
  SINCE SEP 1    293                       135    158      100
  SINCE JAN 1    877                       574    303      454
...................................................................


WIND (MPH)
  HIGHEST WIND SPEED    22   HIGHEST WIND DIRECTION     W (260)
  HIGHEST GUST SPEED    26   HIGHEST GUST DIRECTION     W (250)
  AVERAGE WIND SPEED     7.7


SKY COVER
  POSSIBLE SUNSHINE  MM
  AVERAGE SKY COVER 0.2


WEATHER CONDITIONS
THE FOLLOWING WEATHER WAS RECORDED YESTERDAY.
  NO SIGNIFICANT WEATHER WAS OBSERVED.


RELATIVE HUMIDITY (PERCENT)
 HIGHEST    90           5:00 AM
 LOWEST     54           2:00 PM
 AVERAGE    72

..........................................................


THE LOS ANGELES INTL AIRPORT CA CLIMATE NORMALS FOR TODAY
                         NORMAL    RECORD    YEAR
 MAXIMUM TEMPERATURE (F)   76       110      1963
 MINIMUM TEMPERATURE (F)   63        47      1948


SUNRISE AND SUNSET
SEPTEMBER 26 2022.....SUNRISE   6:45 AM PDT   SUNSET   6:45 PM PDT
SEPTEMBER 27 2022.....SUNRISE   6:45 AM PDT   SUNSET   6:43 PM PDT


-  INDICATES NEGATIVE NUMBERS.
R  INDICATES RECORD WAS SET OR TIED.
MM INDICATES DATA IS MISSING.
T  INDICATES TRACE AMOUNT.




$$
