000
CDUS44 KLUB 260627
CLILBB

CLIMATE REPORT
NATIONAL WEATHER SERVICE LUBBOCK TX
127 AM CDT MON SEP 26 2022

...................................

...THE LUBBOCK CLIMATE SUMMARY FOR SEPTEMBER 25 2022...

CLIMATE NORMAL PERIOD 1991 TO 2020
CLIMATE RECORD PERIOD 1911 TO 2022


WEATHER ITEM   OBSERVED TIME   RECORD YEAR NORMAL DEPARTURE LAST
                VALUE   (LST)  VALUE       VALUE  FROM      YEAR
                                                  NORMAL
...................................................................
TEMPERATURE (F)
 YESTERDAY
  MAXIMUM         88    320 PM 100    2005  82      6       88
  MINIMUM         61   1159 PM  36    2000  57      4       50
  AVERAGE         75                        69      6       69

PRECIPITATION (IN)
  YESTERDAY        0.00          1.34 2004   0.08  -0.08     0.00
  MONTH TO DATE    0.83                      2.17  -1.34     0.03
  SINCE SEP 1      0.83                      2.17  -1.34     0.03
  SINCE JAN 1     11.67                     14.87  -3.20    18.74

SNOWFALL (IN)
  YESTERDAY        0.0           0.0  2002   0.0    0.0      0.0
  MONTH TO DATE    0.0                       0.0    0.0      0.0
  SINCE SEP 1      0.0                       0.0    0.0      0.0
  SINCE JUL 1      0.0                       0.0    0.0      0.0
  SNOW DEPTH       0

DEGREE DAYS
 HEATING
  YESTERDAY        0                         1     -1        0
  MONTH TO DATE    0                        11    -11        2
  SINCE SEP 1      0                        11    -11        2
  SINCE JUL 1      0                        11    -11        2

 COOLING
  YESTERDAY       10                         6      4        4
  MONTH TO DATE  288                       216     72      300
  SINCE SEP 1    288                       216     72      300
  SINCE JAN 1   2419                      1860    559     1832
...................................................................


WIND (MPH)
  RESULTANT WIND SPEED   7   RESULTANT WIND DIRECTION  NE (60)
  HIGHEST WIND SPEED    22   HIGHEST WIND DIRECTION     E (70)
  HIGHEST GUST SPEED    34   HIGHEST GUST DIRECTION     E (80)
  AVERAGE WIND SPEED    12.0


SKY COVER
  AVERAGE SKY COVER 0.2


WEATHER CONDITIONS
THE FOLLOWING WEATHER WAS RECORDED YESTERDAY.
  NO SIGNIFICANT WEATHER WAS OBSERVED.


RELATIVE HUMIDITY (PERCENT)
 HIGHEST    65           700 AM
 LOWEST     27           600 PM
 AVERAGE    46

..........................................................


THE LUBBOCK CLIMATE NORMALS FOR TODAY
                         NORMAL    RECORD    YEAR
 MAXIMUM TEMPERATURE (F)   82       100      2020
 MINIMUM TEMPERATURE (F)   56        36      1926


SUNRISE AND SUNSET
SEPTEMBER 26 2022.....SUNRISE   738 AM CDT   SUNSET   738 PM CDT
SEPTEMBER 27 2022.....SUNRISE   739 AM CDT   SUNSET   737 PM CDT


-  INDICATES NEGATIVE NUMBERS.
R  INDICATES RECORD WAS SET OR TIED.
MM INDICATES DATA IS MISSING.
T  INDICATES TRACE AMOUNT.




$$
